{"id":6083,"date":"2021-07-19T22:57:49","date_gmt":"2021-07-19T21:57:49","guid":{"rendered":"https:\/\/swisscanincenter.ch\/?page_id=6083"},"modified":"2023-02-13T16:43:05","modified_gmt":"2023-02-13T15:43:05","slug":"camping","status":"publish","type":"page","link":"https:\/\/swisscanincenter.ch\/?page_id=6083","title":{"rendered":"Camping"},"content":{"rendered":"\n<style type=\"text\/css\" data-created_by=\"avia_inline_auto\" id=\"style-css-av-egogd-996a99e8a44462e4c52db57a5af280de\">\n#top .av-special-heading.av-egogd-996a99e8a44462e4c52db57a5af280de{\npadding-bottom:30px;\nfont-size:80px;\n}\nbody .av-special-heading.av-egogd-996a99e8a44462e4c52db57a5af280de .av-special-heading-tag .heading-char{\nfont-size:25px;\n}\n#top #wrap_all .av-special-heading.av-egogd-996a99e8a44462e4c52db57a5af280de .av-special-heading-tag{\nfont-size:80px;\n}\n.av-special-heading.av-egogd-996a99e8a44462e4c52db57a5af280de .av-subheading{\nfont-size:15px;\n}\n\n@media only screen and (min-width: 480px) and (max-width: 767px){ \n#top #wrap_all .av-special-heading.av-egogd-996a99e8a44462e4c52db57a5af280de .av-special-heading-tag{\nfont-size:0.8em;\n}\n}\n\n@media only screen and (max-width: 479px){ \n#top #wrap_all .av-special-heading.av-egogd-996a99e8a44462e4c52db57a5af280de .av-special-heading-tag{\nfont-size:0.8em;\n}\n}\n<\/style>\n<div  class='av-special-heading av-egogd-996a99e8a44462e4c52db57a5af280de av-special-heading-h1 blockquote modern-quote  avia-builder-el-0  el_before_av_textblock  avia-builder-el-first  av-thin-font av-inherit-size'><h1 class='av-special-heading-tag '  itemprop=\"headline\"  >CAMPING<strong>.<\/strong><\/h1><div class=\"special-heading-border\"><div class=\"special-heading-inner-border\"><\/div><\/div><\/div>\n<section  class='av_textblock_section av-krb5ul5i-cc4792dc5a7058d464e7729fe1438cba '   itemscope=\"itemscope\" itemtype=\"https:\/\/schema.org\/CreativeWork\" ><div class='avia_textblock'  itemprop=\"text\" ><p>Die Arena verf\u00fcgt \u00fcber einen separaten Campingplatz und einige Stellpl\u00e4tze direkt bei der Arena. F\u00fcr unsere Turniere und Seminare stehen die Stellpl\u00e4tze bei der Arena immer zur Verf\u00fcgung. Bei gr\u00f6sseren Events wird zus\u00e4tzlich der Campingplatz ge\u00f6ffnet.<\/p>\n<p>In jedem Fall muss ein Stellplatz vorg\u00e4ngig \u00fcber das Buchungssystem gebucht werden. Es k\u00f6nnen keine Stellpl\u00e4tze ohne vorg\u00e4ngige Buchung vergeben werden.<\/p>\n<h4>Ausstattung<strong>.<\/strong><\/h4>\n<ul>\n<li>Strom f\u00fcr jeden Stellplatz<\/li>\n<li>zentrales Frischwasser<\/li>\n<li>Duschen und Sanit\u00e4re-Anlagen in der Arena verf\u00fcgbar<\/li>\n<li>Bodenbeschaffenheit\n<ul>\n<li>Stellpl\u00e4tze bei der Arena: Verbundsteine<\/li>\n<li>Campingplatz: Wiese<\/li>\n<\/ul>\n<\/li>\n<\/ul>\n<h4>Camping buchen<strong>.<\/strong><\/h4>\n<p>Ein Stellplatz wird direkt \u00fcber das Buchungssystem der Arena gebucht. Es stehen jeweils die im System freigegebenen Stellpl\u00e4tze zur Verf\u00fcgung. Die Stellpl\u00e4tze sind nummeriert und werden bei der Buchung zugeteilt.<\/p>\n<div  class='avia-button-wrap av-28fksz-933beb9c87814df545dd06aecf4af1cd-wrap avia-button-center  avia-builder-el-2  avia-builder-el-no-sibling '><a href='https:\/\/booking.swissdogarena.ch\/de\/camping'  class='avia-button av-28fksz-933beb9c87814df545dd06aecf4af1cd av-link-btn avia-icon_select-yes-left-icon avia-size-large avia-position-center avia-color-theme-color'  target=\"_blank\"  rel=\"noopener noreferrer\" title=\"Du wirst auf eine externe Webseite weitergeleitet.\" aria-label=\"Du wirst auf eine externe Webseite weitergeleitet.\"><span class='avia_button_icon avia_button_icon_left' aria-hidden='true' data-av_icon='\ue86c' data-av_iconfont='entypo-fontello'><\/span><span class='avia_iconbox_title' >Buche dein Camping*<\/span><\/a><\/div>\n<\/div><\/section>\n\n<style type=\"text\/css\" data-created_by=\"avia_inline_auto\" id=\"style-css-av-kxyjiobk-9ab46824b920f9558f5d6576165b7201\">\n#top .av_textblock_section.av-kxyjiobk-9ab46824b920f9558f5d6576165b7201 .avia_textblock{\nfont-size:10px;\n}\n<\/style>\n<section  class='av_textblock_section av-kxyjiobk-9ab46824b920f9558f5d6576165b7201 '   itemscope=\"itemscope\" itemtype=\"https:\/\/schema.org\/CreativeWork\" ><div class='avia_textblock'  itemprop=\"text\" ><p style=\"text-align: center;\">*Du wirst auf eine externe Webseite weitergeleitet.<\/p>\n<\/div><\/section>\n<section  class='av_textblock_section av-kxyjkwm3-533fcdb4ebb6d6f94575821ba9cb3739 '   itemscope=\"itemscope\" itemtype=\"https:\/\/schema.org\/CreativeWork\" ><div class='avia_textblock'  itemprop=\"text\" ><h4>Fragen zur Buchung<strong>.<\/strong><\/h4>\n<p>Bei Fragen zum Buchungssystem oder Schwierigkeiten beim Buchungsprozess bitte wir euch, euch direkt mit der <a href=\"https:\/\/corona.swissdogarena.ch\/\" target=\"_blank\" rel=\"noopener\">Arena<\/a> in Verbindung zu setzen. Wir k\u00f6nnen keine Hilfe bieten, da die Plattform nicht von uns betrieben wird.<\/p>\n<div  class='avia-button-wrap av-3vppib-15fcf38fe6fd06bf2294b67ce90cff74-wrap avia-button-center  avia-builder-el-5  avia-builder-el-no-sibling '><a href='mailto:info@swissdogarena.ch'  class='avia-button av-3vppib-15fcf38fe6fd06bf2294b67ce90cff74 av-link-btn avia-icon_select-yes-left-icon avia-size-large avia-position-center avia-color-theme-color'  target=\"_blank\"  rel=\"noopener noreferrer\"  aria-label=\"Arena kontaktieren\"><span class='avia_button_icon avia_button_icon_left' aria-hidden='true' data-av_icon='\ue836' data-av_iconfont='entypo-fontello'><\/span><span class='avia_iconbox_title' >Arena kontaktieren<\/span><\/a><\/div>\n<\/div><\/section>\n\n<style type=\"text\/css\" data-created_by=\"avia_inline_auto\" id=\"style-css-av-2p8uxf-a97c88dd3de9433de66e3b0ed34ada91\">\n#top .av_textblock_section.av-2p8uxf-a97c88dd3de9433de66e3b0ed34ada91 .avia_textblock{\nfont-size:10px;\n}\n<\/style>\n<section  class='av_textblock_section av-2p8uxf-a97c88dd3de9433de66e3b0ed34ada91 '   itemscope=\"itemscope\" itemtype=\"https:\/\/schema.org\/CreativeWork\" ><div class='avia_textblock'  itemprop=\"text\" ><p style=\"text-align: center;\">*Du wirst auf eine externe Webseite weitergeleitet.<\/p>\n<\/div><\/section>\n<\/div><\/div><\/div><!-- close content main div --><\/div><\/div>\n<style type=\"text\/css\" data-created_by=\"avia_inline_auto\" id=\"style-css-av-jmlrzbxm-690eb3155368ff356a617879e1bf4f42\">\n.avia-section.av-jmlrzbxm-690eb3155368ff356a617879e1bf4f42 .av-parallax .av-parallax-inner{\nbackground-repeat:no-repeat;\nbackground-image:url(https:\/\/swisscanincenter.ch\/wp-content\/uploads\/location_camping.jpg);\nbackground-position:50% 100%;\nbackground-attachment:scroll;\n}\n<\/style>\n<div id='av_section_1'  class='avia-section av-jmlrzbxm-690eb3155368ff356a617879e1bf4f42 main_color avia-section-default avia-no-border-styling  avia-builder-el-7  el_after_av_textblock  avia-builder-el-last  avia-full-stretch av-parallax-section avia-bg-style-parallax av-minimum-height av-minimum-height-50 av-height-50  container_wrap sidebar_right'  data-section-bg-repeat='stretch' data-av_minimum_height_pc='50' data-av_min_height_opt='50'><div class='av-parallax' data-avia-parallax-ratio='0.3' ><div class='av-parallax-inner main_color avia-full-stretch'><\/div><\/div><div class='container av-section-cont-open' ><div class='template-page content  av-content-small alpha units'><div class='post-entry post-entry-type-page post-entry-6083'><div class='entry-content-wrapper clearfix'><\/div><\/div><\/div><!-- close content main div --><\/div><\/div><div id='after_section_1'  class='main_color av_default_container_wrap container_wrap sidebar_right'  ><div class='container av-section-cont-open' ><div class='template-page content  av-content-small alpha units'><div class='post-entry post-entry-type-page post-entry-6083'><div class='entry-content-wrapper clearfix'>\n","protected":false},"excerpt":{"rendered":"","protected":false},"author":1,"featured_media":0,"parent":811,"menu_order":23,"comment_status":"closed","ping_status":"closed","template":"","meta":{"footnotes":""},"class_list":["post-6083","page","type-page","status-publish","hentry"],"_links":{"self":[{"href":"https:\/\/swisscanincenter.ch\/index.php?rest_route=\/wp\/v2\/pages\/6083","targetHints":{"allow":["GET"]}}],"collection":[{"href":"https:\/\/swisscanincenter.ch\/index.php?rest_route=\/wp\/v2\/pages"}],"about":[{"href":"https:\/\/swisscanincenter.ch\/index.php?rest_route=\/wp\/v2\/types\/page"}],"author":[{"embeddable":true,"href":"https:\/\/swisscanincenter.ch\/index.php?rest_route=\/wp\/v2\/users\/1"}],"replies":[{"embeddable":true,"href":"https:\/\/swisscanincenter.ch\/index.php?rest_route=%2Fwp%2Fv2%2Fcomments&post=6083"}],"version-history":[{"count":20,"href":"https:\/\/swisscanincenter.ch\/index.php?rest_route=\/wp\/v2\/pages\/6083\/revisions"}],"predecessor-version":[{"id":15368,"href":"https:\/\/swisscanincenter.ch\/index.php?rest_route=\/wp\/v2\/pages\/6083\/revisions\/15368"}],"up":[{"embeddable":true,"href":"https:\/\/swisscanincenter.ch\/index.php?rest_route=\/wp\/v2\/pages\/811"}],"wp:attachment":[{"href":"https:\/\/swisscanincenter.ch\/index.php?rest_route=%2Fwp%2Fv2%2Fmedia&parent=6083"}],"curies":[{"name":"wp","href":"https:\/\/api.w.org\/{rel}","templated":true}]}}