{"id":1470,"date":"2019-02-18T22:07:26","date_gmt":"2019-02-18T21:07:26","guid":{"rendered":"https:\/\/swisscanincenter.ch\/?page_id=1470"},"modified":"2023-01-04T23:23:46","modified_gmt":"2023-01-04T22:23:46","slug":"helfer","status":"publish","type":"page","link":"https:\/\/swisscanincenter.ch\/?page_id=1470","title":{"rendered":"Helfer"},"content":{"rendered":"\n<style type=\"text\/css\" data-created_by=\"avia_inline_auto\" id=\"style-css-av-28fwoe-d3f95f15e4f8f95fcd38351cbdf8820d\">\n#top .av-special-heading.av-28fwoe-d3f95f15e4f8f95fcd38351cbdf8820d{\npadding-bottom:30px;\nfont-size:80px;\n}\nbody .av-special-heading.av-28fwoe-d3f95f15e4f8f95fcd38351cbdf8820d .av-special-heading-tag .heading-char{\nfont-size:25px;\n}\n#top #wrap_all .av-special-heading.av-28fwoe-d3f95f15e4f8f95fcd38351cbdf8820d .av-special-heading-tag{\nfont-size:80px;\n}\n.av-special-heading.av-28fwoe-d3f95f15e4f8f95fcd38351cbdf8820d .av-subheading{\nfont-size:15px;\n}\n\n@media only screen and (min-width: 480px) and (max-width: 767px){ \n#top #wrap_all .av-special-heading.av-28fwoe-d3f95f15e4f8f95fcd38351cbdf8820d .av-special-heading-tag{\nfont-size:0.8em;\n}\n}\n\n@media only screen and (max-width: 479px){ \n#top #wrap_all .av-special-heading.av-28fwoe-d3f95f15e4f8f95fcd38351cbdf8820d .av-special-heading-tag{\nfont-size:0.8em;\n}\n}\n<\/style>\n<div  class='av-special-heading av-28fwoe-d3f95f15e4f8f95fcd38351cbdf8820d av-special-heading-h1 blockquote modern-quote  avia-builder-el-0  el_before_av_section  avia-builder-el-no-sibling  av-thin-font av-inherit-size av-linked-heading'><h1 class='av-special-heading-tag '  itemprop=\"headline\"  >Wir suchen dich<strong>!<\/strong><\/h1><div class=\"special-heading-border\"><div class=\"special-heading-inner-border\"><\/div><\/div><\/div>\n<\/div><\/div><\/div><!-- close content main div --><\/div><\/div><div id='av_section_1'  class='avia-section av-l466d4df-a72c200545b0e49c5520f512245f334b main_color avia-section-default avia-no-border-styling  avia-builder-el-1  el_after_av_heading  el_before_av_section  avia-bg-style-scroll container_wrap sidebar_right'  ><div class='container av-section-cont-open' ><div class='template-page content  av-content-small alpha units'><div class='post-entry post-entry-type-page post-entry-1470'><div class='entry-content-wrapper clearfix'>\n<div class='flex_column_table av-l4663k5f-29167da29f8ce945c20b8de6df981814 sc-av_two_third av-equal-height-column-flextable'><div  class='flex_column av-l4663k5f-29167da29f8ce945c20b8de6df981814 av_two_third  avia-builder-el-2  el_before_av_one_third  avia-builder-el-first  first flex_column_table_cell av-equal-height-column av-align-top  '     ><section  class='av_textblock_section av-jsa8j84v-1925787ac5c4b62d443ff1cab138f3f9 '   itemscope=\"itemscope\" itemtype=\"https:\/\/schema.org\/CreativeWork\" ><div class='avia_textblock'  itemprop=\"text\" ><p>Wir suchen f\u00fcr unsere Events jeweils motivierte und engagierte Helfer. Einfach gesagt, wir suchen dich! Das Beste, du kannst dir dein Taschengeld aufbessern und das freut wiederum deinen besten Freund auf vier Pfoten.<\/p>\n<h4>Du bist Starter<strong>.<\/strong><\/h4>\n<p>Kein Problem. Bei uns kannst du mit deinem Hund am Turnier teilnehmen und gleichzeitig helfen. Das ganze ohne Stress und mit gen\u00fcgend Zeit deinen Hund aufw\u00e4rmen und auslaufen zu k\u00f6nnen.<br \/>\nUnsere Turniere sind nach Klassen strukturiert. Das heisst, dass du einen Helfereinsatz abseits deiner Klasse aus\u00fcben kannst.<\/p>\n<h4>Du kommst helfen ohne zu Starten<strong>.<\/strong><\/h4>\n<p>Wenn du ohne am Turnier zu starten helfen kommst, kannst du dir auch hier deine Einsatzzeit selbst w\u00e4hlen. Da unsere Turniere nach Klassen gef\u00fchrt werden, sind diese in 3 Teile aufgeteilt. Am liebsten ist uns, wenn du den ganzen Tag helfen kommen kannst. Dies ist auch die finanziell lukrativste Variante f\u00fcr dich.<\/p>\n<p>F\u00fclle das nachstehende Formular aus mit deinen m\u00f6glichen Einsatzzeiten. Dein Einsatz wird entsprechend entsch\u00e4digt.\u00a0Nach deiner Registrierung kontaktieren wir dich pers\u00f6nlich, um mit dir deinen Helfereinsatz planen zu k\u00f6nnen.<\/p>\n<\/div><\/section><\/div><div class='av-flex-placeholder'><\/div><div  class='flex_column av-1u3kpq-59692712aae6f629479841fb50468447 av_one_third  avia-builder-el-4  el_after_av_two_third  el_before_av_hr  flex_column_table_cell av-equal-height-column av-align-top  '     ><p>\n<style type=\"text\/css\" data-created_by=\"avia_inline_auto\" id=\"style-css-av-176pi73-73ebc9a7229ac4fd745a3d20a09fdeea\">\n#top .av-special-heading.av-176pi73-73ebc9a7229ac4fd745a3d20a09fdeea{\npadding-bottom:10px;\n}\nbody .av-special-heading.av-176pi73-73ebc9a7229ac4fd745a3d20a09fdeea .av-special-heading-tag .heading-char{\nfont-size:25px;\n}\n.av-special-heading.av-176pi73-73ebc9a7229ac4fd745a3d20a09fdeea .av-subheading{\nfont-size:15px;\n}\n<\/style>\n<div  class='av-special-heading av-176pi73-73ebc9a7229ac4fd745a3d20a09fdeea av-special-heading-h2 blockquote modern-quote  avia-builder-el-5  el_before_av_iconlist  avia-builder-el-first  av-thin-font'><h2 class='av-special-heading-tag '  itemprop=\"headline\"  >Helferjobs<strong>.<\/strong><\/h2><div class=\"special-heading-border\"><div class=\"special-heading-inner-border\"><\/div><\/div><\/div><br \/>\n\n<style type=\"text\/css\" data-created_by=\"avia_inline_auto\" id=\"style-css-av-l9fd9n5s-b18554eae53557062f8c9f436dfd6e85\">\n#top .avia-icon-list-container.av-l9fd9n5s-b18554eae53557062f8c9f436dfd6e85 .iconlist_icon{\ncolor:#ffffff;\nbackground-color:#e21010;\n}\n<\/style>\n<div  class='avia-icon-list-container av-l9fd9n5s-b18554eae53557062f8c9f436dfd6e85  avia-builder-el-6  el_after_av_heading  avia-builder-el-last '><ul class='avia-icon-list avia_animate_when_almost_visible avia-icon-list-left av-iconlist-big av-l9fd9n5s-b18554eae53557062f8c9f436dfd6e85 avia-iconlist-animate'>\n<li><div class='iconlist_icon av-l9fd6hs3-1e51bfd292651227e822a3e8ad5c6562 avia-font-entypo-fontello'><span class='iconlist-char' aria-hidden='true' data-av_icon='' data-av_iconfont='entypo-fontello'><\/span><\/div><article class=\"article-icon-entry av-iconlist-empty\"  itemscope=\"itemscope\" itemtype=\"https:\/\/schema.org\/CreativeWork\" ><div class=\"iconlist_content_wrap\"><header class=\"entry-content-header\" aria-label=\"Icon: Parcourshelfer\"><h4 class='av_iconlist_title iconlist_title  '  itemprop=\"headline\" >Parcourshelfer<\/h4><\/header><div class='iconlist_content '  itemprop=\"text\" ><\/div><\/div><footer class=\"entry-footer\"><\/footer><\/article><div class=\"iconlist-timeline\"><\/div><\/li>\n<li><div class='iconlist_icon av-l9fd6neu-3857ba3e1857fd49caddad65f41da92d avia-font-entypo-fontello'><span class='iconlist-char' aria-hidden='true' data-av_icon='\ue8d1' data-av_iconfont='entypo-fontello'><\/span><\/div><article class=\"article-icon-entry av-iconlist-empty\"  itemscope=\"itemscope\" itemtype=\"https:\/\/schema.org\/CreativeWork\" ><div class=\"iconlist_content_wrap\"><header class=\"entry-content-header\" aria-label=\"Icon: Einweiser\"><h4 class='av_iconlist_title iconlist_title  '  itemprop=\"headline\" >Einweiser<\/h4><\/header><div class='iconlist_content '  itemprop=\"text\" ><\/div><\/div><footer class=\"entry-footer\"><\/footer><\/article><div class=\"iconlist-timeline\"><\/div><\/li>\n<li><div class='iconlist_icon av-l9fd78jc-c67e5a2bfa47eff668179b7fc7304afa avia-font-entypo-fontello'><span class='iconlist-char' aria-hidden='true' data-av_icon='\ue862' data-av_iconfont='entypo-fontello'><\/span><\/div><article class=\"article-icon-entry av-iconlist-empty\"  itemscope=\"itemscope\" itemtype=\"https:\/\/schema.org\/CreativeWork\" ><div class=\"iconlist_content_wrap\"><header class=\"entry-content-header\" aria-label=\"Icon: Handzeit-Messer\"><h4 class='av_iconlist_title iconlist_title  '  itemprop=\"headline\" >Handzeit-Messer<\/h4><\/header><div class='iconlist_content '  itemprop=\"text\" ><\/div><\/div><footer class=\"entry-footer\"><\/footer><\/article><div class=\"iconlist-timeline\"><\/div><\/li>\n<li><div class='iconlist_icon av-l9fd7udv-2c55bda76bc7c7516661f6b2519e35f0 avia-font-entypo-fontello'><span class='iconlist-char' aria-hidden='true' data-av_icon='\ue8aa' data-av_iconfont='entypo-fontello'><\/span><\/div><article class=\"article-icon-entry av-iconlist-empty\"  itemscope=\"itemscope\" itemtype=\"https:\/\/schema.org\/CreativeWork\" ><div class=\"iconlist_content_wrap\"><header class=\"entry-content-header\" aria-label=\"Icon: Elektronischer Zeitmesser\"><h4 class='av_iconlist_title iconlist_title  '  itemprop=\"headline\" >Elektronischer Zeitmesser<\/h4><\/header><div class='iconlist_content '  itemprop=\"text\" ><\/div><\/div><footer class=\"entry-footer\"><\/footer><\/article><div class=\"iconlist-timeline\"><\/div><\/li>\n<li><div class='iconlist_icon av-l9fd7jcw-9a758c8e8259e7ea52bcffaf55acc4a8 avia-font-entypo-fontello'><span class='iconlist-char' aria-hidden='true' data-av_icon='\ue836' data-av_iconfont='entypo-fontello'><\/span><\/div><article class=\"article-icon-entry av-iconlist-empty\"  itemscope=\"itemscope\" itemtype=\"https:\/\/schema.org\/CreativeWork\" ><div class=\"iconlist_content_wrap\"><header class=\"entry-content-header\" aria-label=\"Icon: Richterschreiber\"><h4 class='av_iconlist_title iconlist_title  '  itemprop=\"headline\" >Richterschreiber<\/h4><\/header><div class='iconlist_content '  itemprop=\"text\" ><\/div><\/div><footer class=\"entry-footer\"><\/footer><\/article><div class=\"iconlist-timeline\"><\/div><\/li>\n<\/ul><\/div><\/p><\/div><\/div><!--close column table wrapper. Autoclose: 1 -->\n<style type=\"text\/css\" data-created_by=\"avia_inline_auto\" id=\"style-css-av-l9fdgplh-faff4d50fc24fbe0509d83bb05c5afa1\">\n#top .hr.hr-invisible.av-l9fdgplh-faff4d50fc24fbe0509d83bb05c5afa1{\nheight:50px;\n}\n<\/style>\n<div  class='hr av-l9fdgplh-faff4d50fc24fbe0509d83bb05c5afa1 hr-invisible  avia-builder-el-7  el_after_av_one_third  avia-builder-el-last '><span class='hr-inner '><span class=\"hr-inner-style\"><\/span><\/span><\/div>\n\n<\/div><\/div><\/div><!-- close content main div --><\/div><\/div><div id='av_section_2'  class='avia-section av-lci80x3h-e9b5bd642e37cc3f35fe4229853d4a16 main_color avia-section-default avia-no-border-styling  avia-builder-el-8  el_after_av_section  el_before_av_section  avia-bg-style-scroll container_wrap sidebar_right'  ><div class='container av-section-cont-open' ><div class='template-page content  av-content-small alpha units'><div class='post-entry post-entry-type-page post-entry-1470'><div class='entry-content-wrapper clearfix'>\n\n<style type=\"text\/css\" data-created_by=\"avia_inline_auto\" id=\"style-css-av-2p71n2-b69d186d4bf89baaa88e1e8bc849d7bc\">\n#top .av-special-heading.av-2p71n2-b69d186d4bf89baaa88e1e8bc849d7bc{\npadding-bottom:10px;\n}\nbody .av-special-heading.av-2p71n2-b69d186d4bf89baaa88e1e8bc849d7bc .av-special-heading-tag .heading-char{\nfont-size:25px;\n}\n.av-special-heading.av-2p71n2-b69d186d4bf89baaa88e1e8bc849d7bc .av-subheading{\nfont-size:15px;\n}\n<\/style>\n<div  class='av-special-heading av-2p71n2-b69d186d4bf89baaa88e1e8bc849d7bc av-special-heading-h2 blockquote modern-quote  avia-builder-el-9  el_before_av_codeblock  avia-builder-el-first  av-thin-font'><h2 class='av-special-heading-tag '  itemprop=\"headline\"  >Helfer Registrierung<strong>.<\/strong><\/h2><div class=\"special-heading-border\"><div class=\"special-heading-inner-border\"><\/div><\/div><\/div>\n\n\n<\/div><\/div><\/div><!-- close content main div --><\/div><\/div>\n<style type=\"text\/css\" data-created_by=\"avia_inline_auto\" id=\"style-css-av-jmlrzbxm-d15e8414a953c91128cfe09e4cb19b6f\">\n.avia-section.av-jmlrzbxm-d15e8414a953c91128cfe09e4cb19b6f .av-parallax .av-parallax-inner{\nbackground-repeat:no-repeat;\nbackground-image:url(https:\/\/swisscanincenter.ch\/wp-content\/uploads\/2019\/03\/helfer_01.jpg);\nbackground-position:50% 0%;\nbackground-attachment:scroll;\n}\n<\/style>\n<div id='av_section_3'  class='avia-section av-jmlrzbxm-d15e8414a953c91128cfe09e4cb19b6f main_color avia-section-default avia-no-border-styling  avia-builder-el-11  el_after_av_section  avia-builder-el-last  avia-full-stretch av-parallax-section avia-bg-style-parallax av-minimum-height av-minimum-height-50 av-height-50  container_wrap sidebar_right'  data-section-bg-repeat='stretch' data-av_minimum_height_pc='50' data-av_min_height_opt='50'><div class='av-parallax' data-avia-parallax-ratio='0.3' ><div class='av-parallax-inner main_color avia-full-stretch'><\/div><\/div><div class='container av-section-cont-open' ><div class='template-page content  av-content-small alpha units'><div class='post-entry post-entry-type-page post-entry-1470'><div class='entry-content-wrapper clearfix'><\/div><\/div><\/div><!-- close content main div --><\/div><\/div><div id='after_section_3'  class='main_color av_default_container_wrap container_wrap sidebar_right'  ><div class='container av-section-cont-open' ><div class='template-page content  av-content-small alpha units'><div class='post-entry post-entry-type-page post-entry-1470'><div class='entry-content-wrapper clearfix'>\n","protected":false},"excerpt":{"rendered":"","protected":false},"author":1,"featured_media":0,"parent":811,"menu_order":24,"comment_status":"closed","ping_status":"closed","template":"","meta":{"footnotes":""},"class_list":["post-1470","page","type-page","status-publish","hentry"],"_links":{"self":[{"href":"https:\/\/swisscanincenter.ch\/index.php?rest_route=\/wp\/v2\/pages\/1470","targetHints":{"allow":["GET"]}}],"collection":[{"href":"https:\/\/swisscanincenter.ch\/index.php?rest_route=\/wp\/v2\/pages"}],"about":[{"href":"https:\/\/swisscanincenter.ch\/index.php?rest_route=\/wp\/v2\/types\/page"}],"author":[{"embeddable":true,"href":"https:\/\/swisscanincenter.ch\/index.php?rest_route=\/wp\/v2\/users\/1"}],"replies":[{"embeddable":true,"href":"https:\/\/swisscanincenter.ch\/index.php?rest_route=%2Fwp%2Fv2%2Fcomments&post=1470"}],"version-history":[{"count":30,"href":"https:\/\/swisscanincenter.ch\/index.php?rest_route=\/wp\/v2\/pages\/1470\/revisions"}],"predecessor-version":[{"id":14539,"href":"https:\/\/swisscanincenter.ch\/index.php?rest_route=\/wp\/v2\/pages\/1470\/revisions\/14539"}],"up":[{"embeddable":true,"href":"https:\/\/swisscanincenter.ch\/index.php?rest_route=\/wp\/v2\/pages\/811"}],"wp:attachment":[{"href":"https:\/\/swisscanincenter.ch\/index.php?rest_route=%2Fwp%2Fv2%2Fmedia&parent=1470"}],"curies":[{"name":"wp","href":"https:\/\/api.w.org\/{rel}","templated":true}]}}