{"id":14612,"date":"2018-09-28T11:15:15","date_gmt":"2018-09-28T10:15:15","guid":{"rendered":"https:\/\/swisscanincenter.ch\/?page_id=14612"},"modified":"2023-10-09T15:09:05","modified_gmt":"2023-10-09T14:09:05","slug":"offerta-del-corso","status":"publish","type":"page","link":"https:\/\/swisscanincenter.ch\/?page_id=14612&lang=it","title":{"rendered":"Offerta del corso"},"content":{"rendered":"\n<style type=\"text\/css\" data-created_by=\"avia_inline_auto\" id=\"style-css-av-4gbh4e-f22daef487e4dc4562d9e590128c563d\">\n#top .av-special-heading.av-4gbh4e-f22daef487e4dc4562d9e590128c563d{\npadding-bottom:30px;\nfont-size:80px;\n}\nbody .av-special-heading.av-4gbh4e-f22daef487e4dc4562d9e590128c563d .av-special-heading-tag .heading-char{\nfont-size:25px;\n}\n#top #wrap_all .av-special-heading.av-4gbh4e-f22daef487e4dc4562d9e590128c563d .av-special-heading-tag{\nfont-size:80px;\n}\n.av-special-heading.av-4gbh4e-f22daef487e4dc4562d9e590128c563d .av-subheading{\nfont-size:30px;\n}\n\n@media only screen and (min-width: 480px) and (max-width: 767px){ \n#top #wrap_all .av-special-heading.av-4gbh4e-f22daef487e4dc4562d9e590128c563d .av-special-heading-tag{\nfont-size:0.8em;\n}\n}\n\n@media only screen and (max-width: 479px){ \n#top #wrap_all .av-special-heading.av-4gbh4e-f22daef487e4dc4562d9e590128c563d .av-special-heading-tag{\nfont-size:0.8em;\n}\n}\n<\/style>\n<div  class='av-special-heading av-4gbh4e-f22daef487e4dc4562d9e590128c563d av-special-heading-h1 blockquote modern-quote  avia-builder-el-0  el_before_av_three_fourth  avia-builder-el-first  av-thin-font av-inherit-size av-linked-heading'><h1 class='av-special-heading-tag '  itemprop=\"headline\"  >Corsi <strong> e<\/strong> formazione<strong>.<\/strong><\/h1><div class=\"special-heading-border\"><div class=\"special-heading-inner-border\"><\/div><\/div><\/div>\n<div  class='flex_column av-48rf52-7899ca71a4d962761fe6cdcca21a513d av_three_fourth  avia-builder-el-1  el_after_av_heading  el_before_av_one_fourth  first flex_column_div  '     ><p>\n<style type=\"text\/css\" data-created_by=\"avia_inline_auto\" id=\"style-css-av-44h2ta-a3ff2c38ba70aeccb0ad164f882fc160\">\n#top .av-special-heading.av-44h2ta-a3ff2c38ba70aeccb0ad164f882fc160{\npadding-bottom:10px;\n}\nbody .av-special-heading.av-44h2ta-a3ff2c38ba70aeccb0ad164f882fc160 .av-special-heading-tag .heading-char{\nfont-size:25px;\n}\n.av-special-heading.av-44h2ta-a3ff2c38ba70aeccb0ad164f882fc160 .av-subheading{\nfont-size:15px;\n}\n<\/style>\n<div  class='av-special-heading av-44h2ta-a3ff2c38ba70aeccb0ad164f882fc160 av-special-heading-h1 meta-heading blockquote modern-quote  avia-builder-el-2  el_before_av_textblock  avia-builder-el-first '><h1 class='av-special-heading-tag '  itemprop=\"headline\"  >per il vostro cane e per voi<\/h1><div class=\"special-heading-border\"><div class=\"special-heading-inner-border\"><\/div><\/div><\/div><br \/>\n<section  class='av_textblock_section av-lniys891-97b4944f6075eeb5a35238c8ddfe542c '   itemscope=\"itemscope\" itemtype=\"https:\/\/schema.org\/CreativeWork\" ><div class='avia_textblock'  itemprop=\"text\" ><p>I corsi e le formazioni si svolgono in blocchi ricorrenti di 6 settimane ciascuno. La formazione si svolge in gruppi di 4 o 5 squadre, a seconda del corso.<\/p>\n<p>I prerequisiti per tutti i corsi sono cani sani e socialmente accettabili* e praticanti di agility motivati che perseguono l&#8217;obiettivo dello sport agonistico. Non sono previsti corsi di Agility. Ulteriori requisiti sono descritti nei corsi. Potrebbe essere possibile unirsi a un blocco in corsa.<\/p>\n<p>Per ulteriori informazioni sui corsi e sulle formazioni, consultare l&#8217;offerta corrispondente.<\/p>\n<p>*se non diversamente indicato.<\/p>\n<\/div><\/section><\/p><\/div><div  class='flex_column av-drqfa-3860717e0462161624d3678f8a38190d av_one_fourth  avia-builder-el-4  el_after_av_three_fourth  el_before_av_section  avia-builder-el-last  flex_column_div  '     ><div  class='avia-icon-list-container av-lniyp8ie-9f449de51dc663de7241318f81d6f630  avia-builder-el-5  avia-builder-el-no-sibling '><ul class='avia-icon-list avia_animate_when_almost_visible avia-icon-list-left av-iconlist-small av-lniyp8ie-9f449de51dc663de7241318f81d6f630 avia-iconlist-animate'>\n<li><div class='iconlist_icon av-lniyubj4-4acecced82709d7e1b8ab0d71855be4d avia-font-entypo-fontello'><span class='iconlist-char' aria-hidden='true' data-av_icon='\ue80b' data-av_iconfont='entypo-fontello'><\/span><\/div><article class=\"article-icon-entry \"  itemscope=\"itemscope\" itemtype=\"https:\/\/schema.org\/CreativeWork\" ><div class=\"iconlist_content_wrap\"><header class=\"entry-content-header\" aria-label=\"Icon: Numero di partecipanti\"><div class='av_iconlist_title iconlist_title_small  '  itemprop=\"headline\" >Numero di partecipanti<\/div><\/header><div class='iconlist_content '  itemprop=\"text\" ><p>Gruppi di 4 o 5 squadre<\/p>\n<\/div><\/div><footer class=\"entry-footer\"><\/footer><\/article><div class=\"iconlist-timeline\"><\/div><\/li>\n<li><div class='iconlist_icon av-3q6mr2-0afc7405f43f27b92b0e209d9a96df54 avia-font-entypo-fontello'><span class='iconlist-char' aria-hidden='true' data-av_icon='\ue8cb' data-av_iconfont='entypo-fontello'><\/span><\/div><article class=\"article-icon-entry \"  itemscope=\"itemscope\" itemtype=\"https:\/\/schema.org\/CreativeWork\" ><div class=\"iconlist_content_wrap\"><header class=\"entry-content-header\" aria-label=\"Icon: Costi\"><div class='av_iconlist_title iconlist_title_small  '  itemprop=\"headline\" >Costi<\/div><\/header><div class='iconlist_content '  itemprop=\"text\" ><p>CHF 210 \/ squadra per blocco*<\/p>\n<\/div><\/div><footer class=\"entry-footer\"><\/footer><\/article><div class=\"iconlist-timeline\"><\/div><\/li>\n<li><div class='iconlist_icon av-3hr2ie-710912250c3b2e08f3c6b152cc42f607 avia-font-entypo-fontello'><span class='iconlist-char' aria-hidden='true' data-av_icon='\ue810' data-av_iconfont='entypo-fontello'><\/span><\/div><article class=\"article-icon-entry \"  itemscope=\"itemscope\" itemtype=\"https:\/\/schema.org\/CreativeWork\" ><div class=\"iconlist_content_wrap\"><header class=\"entry-content-header\" aria-label=\"Icon: Durata\"><div class='av_iconlist_title iconlist_title_small  '  itemprop=\"headline\" >Durata<\/div><\/header><div class='iconlist_content '  itemprop=\"text\" ><p>Blocco di corsi \u00e0 6 unit\u00e0<\/p>\n<\/div><\/div><footer class=\"entry-footer\"><\/footer><\/article><div class=\"iconlist-timeline\"><\/div><\/li>\n<\/ul><\/div><\/div><\/div><\/div><\/div><!-- close content main div --><\/div><\/div><div id='av_section_1'  class='avia-section av-3f9a9a-83a658af371e3d37d77bbdd906bb8a8d alternate_color avia-section-default avia-no-border-styling  avia-builder-el-6  el_after_av_one_fourth  el_before_av_section  avia-bg-style-scroll container_wrap sidebar_right'  ><div class='container av-section-cont-open' ><div class='template-page content  av-content-small alpha units'><div class='post-entry post-entry-type-page post-entry-14612'><div class='entry-content-wrapper clearfix'>\n<div class='flex_column_table av-36detq-235c4cc672f2215cda556b5162fca59d sc-av_one_half av-equal-height-column-flextable'><div  class='flex_column av-36detq-235c4cc672f2215cda556b5162fca59d av_one_half  avia-builder-el-7  el_before_av_one_half  avia-builder-el-first  first flex_column_table_cell av-equal-height-column av-align-top  '     ><p>\n<style type=\"text\/css\" data-created_by=\"avia_inline_auto\" id=\"style-css-av-32jw7i-443aa59187b97d66d2b14a5bfead73c5\">\n.avia-image-container.av-32jw7i-443aa59187b97d66d2b14a5bfead73c5 img.avia_image{\nbox-shadow:none;\n}\n.avia-image-container.av-32jw7i-443aa59187b97d66d2b14a5bfead73c5 .av-image-caption-overlay-center{\ncolor:#ffffff;\n}\n<\/style>\n<div  class='avia-image-container av-32jw7i-443aa59187b97d66d2b14a5bfead73c5 av-styling- avia-align-center  avia-builder-el-8  el_before_av_heading  avia-builder-el-first '   itemprop=\"image\" itemscope=\"itemscope\" itemtype=\"https:\/\/schema.org\/ImageObject\" ><div class=\"avia-image-container-inner\"><div class=\"avia-image-overlay-wrap\"><img decoding=\"async\" fetchpriority=\"high\" class='wp-image-3434 avia-img-lazy-loading-not-3434 avia_image ' src=\"https:\/\/swisscanincenter.ch\/wp-content\/uploads\/kurs_puppy-495x400.jpg\" alt='' title='kurs_puppy'  height=\"400\" width=\"495\"  itemprop=\"thumbnailUrl\" srcset=\"https:\/\/swisscanincenter.ch\/wp-content\/uploads\/kurs_puppy-495x400.jpg 495w, https:\/\/swisscanincenter.ch\/wp-content\/uploads\/kurs_puppy-845x684.jpg 845w\" sizes=\"(max-width: 495px) 100vw, 495px\" \/><\/div><\/div><\/div><br \/>\n\n<style type=\"text\/css\" data-created_by=\"avia_inline_auto\" id=\"style-css-av-2z5dpq-e1738d13eec62878d11a7f7f08926670\">\n#top .av-special-heading.av-2z5dpq-e1738d13eec62878d11a7f7f08926670{\npadding-bottom:10px;\n}\nbody .av-special-heading.av-2z5dpq-e1738d13eec62878d11a7f7f08926670 .av-special-heading-tag .heading-char{\nfont-size:25px;\n}\n.av-special-heading.av-2z5dpq-e1738d13eec62878d11a7f7f08926670 .av-subheading{\nfont-size:15px;\n}\n<\/style>\n<div  class='av-special-heading av-2z5dpq-e1738d13eec62878d11a7f7f08926670 av-special-heading-h2 blockquote modern-quote modern-centered  avia-builder-el-9  el_after_av_image  el_before_av_textblock  av-thin-font'><h2 class='av-special-heading-tag '  itemprop=\"headline\"  >Nozioni di base per i cuccioli<strong>.<\/strong><\/h2><div class=\"special-heading-border\"><div class=\"special-heading-inner-border\"><\/div><\/div><\/div><br \/>\n<section  class='av_textblock_section av-2ppzcm-e5c5c1361ecd0c3502c286b087b70224 '   itemscope=\"itemscope\" itemtype=\"https:\/\/schema.org\/CreativeWork\" ><div class='avia_textblock'  itemprop=\"text\" ><p>Il tempo \u00e8 buono! Costruiamo un rapporto corretto e onesto tra voi e il vostro cucciolo fin dalla pi\u00f9 tenera et\u00e0. Su questo si basa tutta la vita.<\/p>\n<p>Impariamo in modo giocoso a gestire le impressioni pi\u00f9 diverse in una variet\u00e0 di esercizi. I giochi di pensiero in cui il cane impara a raggiungere l&#8217;obiettivo a modo suo sono parte integrante del corso, cos\u00ec come il giocare nel modo giusto per poter costruire una relazione armoniosa.<\/p>\n<h4>Contenuto del corso<strong>.<\/strong><\/h4>\n<ul>\n<li>Costruire il rapporto tra voi e il vostro cucciolo<\/li>\n<li>Giocare e imparare Attenzione<\/li>\n<li>Esplorare un nuovo terreno<\/li>\n<li>Esercizi e comandi di base<\/li>\n<\/ul>\n<p>Requisiti: da 12 a 24 settimane<\/p>\n<\/div><\/section><\/p><\/div><div class='av-flex-placeholder'><\/div><div  class='flex_column av-2mzk52-104b04f5b48701e22049421e5fb2106e av_one_half  avia-builder-el-11  el_after_av_one_half  el_before_av_one_half  flex_column_table_cell av-equal-height-column av-align-top  '     ><p>\n<style type=\"text\/css\" data-created_by=\"avia_inline_auto\" id=\"style-css-av-lct1pin4-8ba34ce0bdfa52361e5d007890c84558\">\n.avia-image-container.av-lct1pin4-8ba34ce0bdfa52361e5d007890c84558 img.avia_image{\nbox-shadow:none;\n}\n.avia-image-container.av-lct1pin4-8ba34ce0bdfa52361e5d007890c84558 .av-image-caption-overlay-center{\ncolor:#ffffff;\n}\n<\/style>\n<div  class='avia-image-container av-lct1pin4-8ba34ce0bdfa52361e5d007890c84558 av-styling- avia-align-center  avia-builder-el-12  el_before_av_heading  avia-builder-el-first '   itemprop=\"image\" itemscope=\"itemscope\" itemtype=\"https:\/\/schema.org\/ImageObject\" ><div class=\"avia-image-container-inner\"><div class=\"avia-image-overlay-wrap\"><img decoding=\"async\" fetchpriority=\"high\" class='wp-image-14765 avia-img-lazy-loading-not-14765 avia_image ' src=\"https:\/\/swisscanincenter.ch\/wp-content\/uploads\/Sign_am_Start-495x400.jpg\" alt='' title='Sign_am_Start'  height=\"400\" width=\"495\"  itemprop=\"thumbnailUrl\" srcset=\"https:\/\/swisscanincenter.ch\/wp-content\/uploads\/Sign_am_Start-495x400.jpg 495w, https:\/\/swisscanincenter.ch\/wp-content\/uploads\/Sign_am_Start-845x684.jpg 845w\" sizes=\"(max-width: 495px) 100vw, 495px\" \/><\/div><\/div><\/div><br \/>\n\n<style type=\"text\/css\" data-created_by=\"avia_inline_auto\" id=\"style-css-av-2cp7ku-7f9d17b9f0c62436addeb7b886e84d0a\">\n#top .av-special-heading.av-2cp7ku-7f9d17b9f0c62436addeb7b886e84d0a{\npadding-bottom:10px;\n}\nbody .av-special-heading.av-2cp7ku-7f9d17b9f0c62436addeb7b886e84d0a .av-special-heading-tag .heading-char{\nfont-size:25px;\n}\n.av-special-heading.av-2cp7ku-7f9d17b9f0c62436addeb7b886e84d0a .av-subheading{\nfont-size:15px;\n}\n<\/style>\n<div  class='av-special-heading av-2cp7ku-7f9d17b9f0c62436addeb7b886e84d0a av-special-heading-h2 blockquote modern-quote modern-centered  avia-builder-el-13  el_after_av_image  el_before_av_textblock  av-thin-font'><h2 class='av-special-heading-tag '  itemprop=\"headline\"  >Fondazioni<strong>.<\/strong><\/h2><div class=\"special-heading-border\"><div class=\"special-heading-inner-border\"><\/div><\/div><\/div><br \/>\n<section  class='av_textblock_section av-2b7ipi-dc0b19240b598c8df0c92e7508ccae0d '   itemscope=\"itemscope\" itemtype=\"https:\/\/schema.org\/CreativeWork\" ><div class='avia_textblock'  itemprop=\"text\" ><p>Consolidare quanto appreso in Puppy Basic e costruire una solida base per l&#8217;ingresso in Agility o in altri sport.<\/p>\n<h4>Contenuto del corso<strong>.<\/strong><\/h4>\n<ul>\n<li>Lavorare sotto distrazione<\/li>\n<li>Promozione delle capacit\u00e0 di coordinamento<\/li>\n<li>Costruire un&#8217;ampia gamma di muscoli<\/li>\n<li>Giochi e divertimento<\/li>\n<li>Esercizi di base per l&#8217;Agility (o altri sport)<\/li>\n<\/ul>\n<p>Prerequisiti: da 6 a 12 mesi o come introduzione all&#8217;Agility<\/p>\n<\/div><\/section><\/p><\/div><\/div><!--close column table wrapper. Autoclose: 1 --><div class='flex_column_table av-24mcwe-74df2f58c607f213fe314434ccd2c39e sc-av_one_half av-equal-height-column-flextable'><div  class='flex_column av-24mcwe-74df2f58c607f213fe314434ccd2c39e av_one_half  avia-builder-el-15  el_after_av_one_half  el_before_av_one_half  first flex_column_table_cell av-equal-height-column av-align-top  column-top-margin'     ><p>\n<style type=\"text\/css\" data-created_by=\"avia_inline_auto\" id=\"style-css-av-lct1n1my-bb5e7acfb59adbe41b8ddb10f6980fd9\">\n.avia-image-container.av-lct1n1my-bb5e7acfb59adbe41b8ddb10f6980fd9 img.avia_image{\nbox-shadow:none;\n}\n.avia-image-container.av-lct1n1my-bb5e7acfb59adbe41b8ddb10f6980fd9 .av-image-caption-overlay-center{\ncolor:#ffffff;\n}\n<\/style>\n<div  class='avia-image-container av-lct1n1my-bb5e7acfb59adbe41b8ddb10f6980fd9 av-styling- avia-align-center  avia-builder-el-16  el_before_av_heading  avia-builder-el-first '   itemprop=\"image\" itemscope=\"itemscope\" itemtype=\"https:\/\/schema.org\/ImageObject\" ><div class=\"avia-image-container-inner\"><div class=\"avia-image-overlay-wrap\"><img decoding=\"async\" fetchpriority=\"high\" class='wp-image-14769 avia-img-lazy-loading-not-14769 avia_image ' src=\"https:\/\/swisscanincenter.ch\/wp-content\/uploads\/Sign_Wippe-495x400.jpg\" alt='' title='Sign_Wippe'  height=\"400\" width=\"495\"  itemprop=\"thumbnailUrl\" srcset=\"https:\/\/swisscanincenter.ch\/wp-content\/uploads\/Sign_Wippe-495x400.jpg 495w, https:\/\/swisscanincenter.ch\/wp-content\/uploads\/Sign_Wippe-845x684.jpg 845w\" sizes=\"(max-width: 495px) 100vw, 495px\" \/><\/div><\/div><\/div><br \/>\n\n<style type=\"text\/css\" data-created_by=\"avia_inline_auto\" id=\"style-css-av-1vuhra-2dbe03d2f9917197a56de4def5006118\">\n#top .av-special-heading.av-1vuhra-2dbe03d2f9917197a56de4def5006118{\npadding-bottom:10px;\n}\nbody .av-special-heading.av-1vuhra-2dbe03d2f9917197a56de4def5006118 .av-special-heading-tag .heading-char{\nfont-size:25px;\n}\n.av-special-heading.av-1vuhra-2dbe03d2f9917197a56de4def5006118 .av-subheading{\nfont-size:15px;\n}\n<\/style>\n<div  class='av-special-heading av-1vuhra-2dbe03d2f9917197a56de4def5006118 av-special-heading-h2 blockquote modern-quote modern-centered  avia-builder-el-17  el_after_av_image  el_before_av_textblock  av-thin-font'><h2 class='av-special-heading-tag '  itemprop=\"headline\"  >Set-up dell\u2019Agility<strong>.<\/strong><\/h2><div class=\"special-heading-border\"><div class=\"special-heading-inner-border\"><\/div><\/div><\/div><br \/>\n<section  class='av_textblock_section av-63h7i-f98289ee7306340fc0a7deda92e6b86c '   itemscope=\"itemscope\" itemtype=\"https:\/\/schema.org\/CreativeWork\" ><div class='avia_textblock'  itemprop=\"text\" ><p>Ottenere un&#8217;educazione all&#8217;Agility pulita, partendo dai nostri corsi Puppy Basic e Foundation. Tutto l&#8217;equipaggiamento viene insegnato passo dopo passo e talvolta praticato in piccole sequenze.<\/p>\n<p>Non importa se avete gi\u00e0 praticato l&#8217;Agility o se questo sport agile \u00e8 un territorio nuovo per voi. L&#8217;Agility deve essere appresa in entrambi i casi. Non \u00e8 importante solo imparare le singole attrezzature, ma anche saper leggere il cane &#8211; il suo compagno di squadra &#8211; per diventare una buona squadra.<\/p>\n<p>Con esercizi semplici e allenamenti positivi ci avviciniamo gradualmente alla complessit\u00e0 di questo sport. In questo modo, la gioia non \u00e8 mai troppo breve.<\/p>\n<h4>Contenuto del corso<strong>.<\/strong><\/h4>\n<ul>\n<li>Imparare le diverse attrezzature<\/li>\n<li>Conoscere le tecniche di conduzione e i cambi di base<\/li>\n<li>Sviluppate un feeling con il vostro partner di squadra, il vostro cane.<\/li>\n<\/ul>\n<p>Prerequisiti: Da 11 mesi. Obbedienza di base assolutamente buona e affidabile.<\/p>\n<\/div><\/section><\/p><\/div><div class='av-flex-placeholder'><\/div><div  class='flex_column av-1jokbq-3fd2e9232c8504810006689585390959 av_one_half  avia-builder-el-19  el_after_av_one_half  avia-builder-el-last  flex_column_table_cell av-equal-height-column av-align-top  column-top-margin'     ><p>\n<style type=\"text\/css\" data-created_by=\"avia_inline_auto\" id=\"style-css-av-1g7r9q-271a872a5b923c3769fc08ce925f2ed4\">\n.avia-image-container.av-1g7r9q-271a872a5b923c3769fc08ce925f2ed4 img.avia_image{\nbox-shadow:none;\n}\n.avia-image-container.av-1g7r9q-271a872a5b923c3769fc08ce925f2ed4 .av-image-caption-overlay-center{\ncolor:#ffffff;\n}\n<\/style>\n<div  class='avia-image-container av-1g7r9q-271a872a5b923c3769fc08ce925f2ed4 av-styling- avia-align-center  avia-builder-el-20  el_before_av_heading  avia-builder-el-first '   itemprop=\"image\" itemscope=\"itemscope\" itemtype=\"https:\/\/schema.org\/ImageObject\" ><div class=\"avia-image-container-inner\"><div class=\"avia-image-overlay-wrap\"><img decoding=\"async\" fetchpriority=\"high\" class='wp-image-1148 avia-img-lazy-loading-not-1148 avia_image ' src=\"https:\/\/swisscanincenter.ch\/wp-content\/uploads\/2018\/09\/Winner_84D6361-495x400.jpg\" alt='' title='Winner_84D6361'  height=\"400\" width=\"495\"  itemprop=\"thumbnailUrl\" srcset=\"https:\/\/swisscanincenter.ch\/wp-content\/uploads\/2018\/09\/Winner_84D6361-495x400.jpg 495w, https:\/\/swisscanincenter.ch\/wp-content\/uploads\/2018\/09\/Winner_84D6361-845x684.jpg 845w\" sizes=\"(max-width: 495px) 100vw, 495px\" \/><\/div><\/div><\/div><br \/>\n\n<style type=\"text\/css\" data-created_by=\"avia_inline_auto\" id=\"style-css-av-16qwfq-d4af47ff2ec27c0c9ce1002815064d78\">\n#top .av-special-heading.av-16qwfq-d4af47ff2ec27c0c9ce1002815064d78{\npadding-bottom:10px;\n}\nbody .av-special-heading.av-16qwfq-d4af47ff2ec27c0c9ce1002815064d78 .av-special-heading-tag .heading-char{\nfont-size:25px;\n}\n.av-special-heading.av-16qwfq-d4af47ff2ec27c0c9ce1002815064d78 .av-subheading{\nfont-size:15px;\n}\n<\/style>\n<div  class='av-special-heading av-16qwfq-d4af47ff2ec27c0c9ce1002815064d78 av-special-heading-h2 blockquote modern-quote modern-centered  avia-builder-el-21  el_after_av_image  el_before_av_textblock  av-thin-font'><h2 class='av-special-heading-tag '  itemprop=\"headline\"  >Allenamento Agility<strong>.<\/strong><\/h2><div class=\"special-heading-border\"><div class=\"special-heading-inner-border\"><\/div><\/div><\/div><br \/>\n<section  class='av_textblock_section av-11pvgm-ad366a31cc72280974819b8970f6e1f5 '   itemscope=\"itemscope\" itemtype=\"https:\/\/schema.org\/CreativeWork\" ><div class='avia_textblock'  itemprop=\"text\" ><p>Per gli appassionati di competizioni e per chi vuole diventarlo. Nelle nostre sessioni settimanali di allenamento Agility, ci poniamo costantemente nuove sfide e ottimizziamo la nostra gestione.<\/p>\n<p>L&#8217;allenamento settimanale \u00e8 un modo efficace per allenare Agility. Dal principiante alla squadra agonistica, dalla classe 1 alla 3, dal Small al Large, vi offriamo un allenamento competente su base settimanale.<\/p>\n<p>Ci si allena in gruppo durante una sessione (il tempo di allenamento dipende dalle dimensioni del gruppo). Se possibile, i gruppi saranno creati in base al livello di prestazione e alla categoria. Questo crea la possibilit\u00e0 di promuovere ancora meglio le singole squadre.<\/p>\n<p>Prerequisiti: Tutte le unit\u00e0 sono completamente addestrate. L&#8217;ingresso \u00e8 possibile in qualsiasi momento.<\/p>\n<\/div><\/section><\/p><\/div><\/div><!--close column table wrapper. Autoclose: 1 -->\n<\/p>\n<\/div><\/div><\/div><!-- close content main div --><\/div><\/div><div id='av_section_2'  class='avia-section av-wnn9y-a4fbd4e4f16fc0ea3165691c2ba14020 main_color avia-section-default avia-no-border-styling  avia-builder-el-23  el_after_av_section  el_before_av_postcontent  avia-bg-style-scroll container_wrap sidebar_right'  ><div class='container av-section-cont-open' ><div class='template-page content  av-content-small alpha units'><div class='post-entry post-entry-type-page post-entry-14612'><div class='entry-content-wrapper clearfix'>\n<div  class='flex_column av-q4s12-9453bf16d61833a42a8ebdf8f65ad526 av_one_full  avia-builder-el-24  avia-builder-el-no-sibling  first flex_column_div  '     ><p>\n<style type=\"text\/css\" data-created_by=\"avia_inline_auto\" id=\"style-css-av-napna-912f5ae4e85ef396720e5db7db9a1fd6\">\n#top .av-special-heading.av-napna-912f5ae4e85ef396720e5db7db9a1fd6{\npadding-bottom:10px;\n}\nbody .av-special-heading.av-napna-912f5ae4e85ef396720e5db7db9a1fd6 .av-special-heading-tag .heading-char{\nfont-size:25px;\n}\n.av-special-heading.av-napna-912f5ae4e85ef396720e5db7db9a1fd6 .av-subheading{\nfont-size:15px;\n}\n<\/style>\n<div  class='av-special-heading av-napna-912f5ae4e85ef396720e5db7db9a1fd6 av-special-heading-h2 blockquote modern-quote modern-centered  avia-builder-el-25  el_before_av_codeblock  avia-builder-el-first  av-thin-font'><h2 class='av-special-heading-tag '  itemprop=\"headline\"  >Richiedere il posto al corso<strong>.<\/strong><\/h2><div class=\"special-heading-border\"><div class=\"special-heading-inner-border\"><\/div><\/div><\/div><br \/>\n<\/p><\/div>\n\n[av_textblock textblock_styling_align='' textblock_styling='' textblock_styling_gap='' textblock_styling_mobile='' size='14' av-desktop-font-size='' av-medium-font-size='' av-small-font-size='' av-mini-font-size='' font_color='' color='' id='' custom_class='' template_class='' av_uid='av-jrp0oeqx' sc_version='1.0' admin_preview_bg='']\n*Es gelten unsere <a href=\"https:\/\/swisscanincenter.ch\/wp-content\/uploads\/2019\/10\/SCC_AGB_DE_v2.pdf\" target=\"_blank\" rel=\"noopener\">AGB<\/a>s. Diese k\u00f6nnen <a href=\"https:\/\/swisscanincenter.ch\/wp-content\/uploads\/2019\/10\/SCC_AGB_DE_v2.pdf\" target=\"_blank\" rel=\"noopener\">HIER<\/a> eingesehen werden.\n[\/av_textblock]\n","protected":false},"excerpt":{"rendered":"","protected":false},"author":1,"featured_media":0,"parent":0,"menu_order":31,"comment_status":"closed","ping_status":"closed","template":"","meta":{"footnotes":""},"class_list":["post-14612","page","type-page","status-publish","hentry"],"_links":{"self":[{"href":"https:\/\/swisscanincenter.ch\/index.php?rest_route=\/wp\/v2\/pages\/14612","targetHints":{"allow":["GET"]}}],"collection":[{"href":"https:\/\/swisscanincenter.ch\/index.php?rest_route=\/wp\/v2\/pages"}],"about":[{"href":"https:\/\/swisscanincenter.ch\/index.php?rest_route=\/wp\/v2\/types\/page"}],"author":[{"embeddable":true,"href":"https:\/\/swisscanincenter.ch\/index.php?rest_route=\/wp\/v2\/users\/1"}],"replies":[{"embeddable":true,"href":"https:\/\/swisscanincenter.ch\/index.php?rest_route=%2Fwp%2Fv2%2Fcomments&post=14612"}],"version-history":[{"count":6,"href":"https:\/\/swisscanincenter.ch\/index.php?rest_route=\/wp\/v2\/pages\/14612\/revisions"}],"predecessor-version":[{"id":17707,"href":"https:\/\/swisscanincenter.ch\/index.php?rest_route=\/wp\/v2\/pages\/14612\/revisions\/17707"}],"wp:attachment":[{"href":"https:\/\/swisscanincenter.ch\/index.php?rest_route=%2Fwp%2Fv2%2Fmedia&parent=14612"}],"curies":[{"name":"wp","href":"https:\/\/api.w.org\/{rel}","templated":true}]}}