{"id":14606,"date":"2018-09-28T11:15:15","date_gmt":"2018-09-28T10:15:15","guid":{"rendered":"https:\/\/swisscanincenter.ch\/?page_id=14606"},"modified":"2023-10-09T15:08:48","modified_gmt":"2023-10-09T14:08:48","slug":"offre-de-cours","status":"publish","type":"page","link":"https:\/\/swisscanincenter.ch\/?page_id=14606&lang=fr","title":{"rendered":"Offre de cours"},"content":{"rendered":"\n<style type=\"text\/css\" data-created_by=\"avia_inline_auto\" id=\"style-css-av-4gbh4e-a6c0b6f2dbbb03ee2739d1f13702c0c3\">\n#top .av-special-heading.av-4gbh4e-a6c0b6f2dbbb03ee2739d1f13702c0c3{\npadding-bottom:30px;\nfont-size:80px;\n}\nbody .av-special-heading.av-4gbh4e-a6c0b6f2dbbb03ee2739d1f13702c0c3 .av-special-heading-tag .heading-char{\nfont-size:25px;\n}\n#top #wrap_all .av-special-heading.av-4gbh4e-a6c0b6f2dbbb03ee2739d1f13702c0c3 .av-special-heading-tag{\nfont-size:80px;\n}\n.av-special-heading.av-4gbh4e-a6c0b6f2dbbb03ee2739d1f13702c0c3 .av-subheading{\nfont-size:30px;\n}\n\n@media only screen and (min-width: 480px) and (max-width: 767px){ \n#top #wrap_all .av-special-heading.av-4gbh4e-a6c0b6f2dbbb03ee2739d1f13702c0c3 .av-special-heading-tag{\nfont-size:0.8em;\n}\n}\n\n@media only screen and (max-width: 479px){ \n#top #wrap_all .av-special-heading.av-4gbh4e-a6c0b6f2dbbb03ee2739d1f13702c0c3 .av-special-heading-tag{\nfont-size:0.8em;\n}\n}\n<\/style>\n<div  class='av-special-heading av-4gbh4e-a6c0b6f2dbbb03ee2739d1f13702c0c3 av-special-heading-h1 blockquote modern-quote  avia-builder-el-0  el_before_av_three_fourth  avia-builder-el-first  av-thin-font av-inherit-size av-linked-heading'><h1 class='av-special-heading-tag '  itemprop=\"headline\"  >Cours <strong> et<\/strong> formation<strong>.<\/strong><\/h1><div class=\"special-heading-border\"><div class=\"special-heading-inner-border\"><\/div><\/div><\/div>\n<div  class='flex_column av-48rf52-7899ca71a4d962761fe6cdcca21a513d av_three_fourth  avia-builder-el-1  el_after_av_heading  el_before_av_one_fourth  first flex_column_div  '     ><p>\n<style type=\"text\/css\" data-created_by=\"avia_inline_auto\" id=\"style-css-av-44h2ta-292a0c5b717c433143a76fa89d4341a2\">\n#top .av-special-heading.av-44h2ta-292a0c5b717c433143a76fa89d4341a2{\npadding-bottom:10px;\n}\nbody .av-special-heading.av-44h2ta-292a0c5b717c433143a76fa89d4341a2 .av-special-heading-tag .heading-char{\nfont-size:25px;\n}\n.av-special-heading.av-44h2ta-292a0c5b717c433143a76fa89d4341a2 .av-subheading{\nfont-size:15px;\n}\n<\/style>\n<div  class='av-special-heading av-44h2ta-292a0c5b717c433143a76fa89d4341a2 av-special-heading-h1 meta-heading blockquote modern-quote  avia-builder-el-2  el_before_av_textblock  avia-builder-el-first '><h1 class='av-special-heading-tag '  itemprop=\"headline\"  >pour ton chien et toi<\/h1><div class=\"special-heading-border\"><div class=\"special-heading-inner-border\"><\/div><\/div><\/div><br \/>\n<section  class='av_textblock_section av-lniys891-97b4944f6075eeb5a35238c8ddfe542c '   itemscope=\"itemscope\" itemtype=\"https:\/\/schema.org\/CreativeWork\" ><div class='avia_textblock'  itemprop=\"text\" ><p>Les cours et les formations se d\u00e9roulent en blocs r\u00e9currents de 6 semaines chacun. Les entra\u00eenements se font en groupes de 4 \u00e0 5 \u00e9quipes, selon le cours.<\/p>\n<p>Les conditions pr\u00e9alables \u00e0 tous les cours sont des chiens socialement acceptables*, en bonne sant\u00e9 et des agilitistes motiv\u00e9s qui poursuivent l&#8217;objectif du sport de comp\u00e9tition. Les cours d&#8217;Agility Fun ne sont pas propos\u00e9s. D&#8217;autres conditions pr\u00e9alables sont d\u00e9crites dans les cours. Il est \u00e9ventuellement possible de rejoindre un bloc en cours.<\/p>\n<p>Tu trouveras plus d&#8217;informations sur les cours et les formations dans l&#8217;offre correspondante.<\/p>\n<p>*sauf mention contraire.<\/p>\n<\/div><\/section><\/p><\/div><div  class='flex_column av-drqfa-3860717e0462161624d3678f8a38190d av_one_fourth  avia-builder-el-4  el_after_av_three_fourth  el_before_av_section  avia-builder-el-last  flex_column_div  '     ><div  class='avia-icon-list-container av-lniyp8ie-9f449de51dc663de7241318f81d6f630  avia-builder-el-5  avia-builder-el-no-sibling '><ul class='avia-icon-list avia_animate_when_almost_visible avia-icon-list-left av-iconlist-small av-lniyp8ie-9f449de51dc663de7241318f81d6f630 avia-iconlist-animate'>\n<li><div class='iconlist_icon av-lniyubj4-4358e9b892bec00fbe7a286b546273a4 avia-font-entypo-fontello'><span class='iconlist-char' aria-hidden='true' data-av_icon='\ue80b' data-av_iconfont='entypo-fontello'><\/span><\/div><article class=\"article-icon-entry \"  itemscope=\"itemscope\" itemtype=\"https:\/\/schema.org\/CreativeWork\" ><div class=\"iconlist_content_wrap\"><header class=\"entry-content-header\" aria-label=\"Icon: Nombre de participants\"><div class='av_iconlist_title iconlist_title_small  '  itemprop=\"headline\" >Nombre de participants<\/div><\/header><div class='iconlist_content '  itemprop=\"text\" ><p>Groupes de 4 \u00e0 5 \u00e9quipes<\/p>\n<\/div><\/div><footer class=\"entry-footer\"><\/footer><\/article><div class=\"iconlist-timeline\"><\/div><\/li>\n<li><div class='iconlist_icon av-3q6mr2-75d17423338333951ef6b59fa7bdfbf9 avia-font-entypo-fontello'><span class='iconlist-char' aria-hidden='true' data-av_icon='\ue8cb' data-av_iconfont='entypo-fontello'><\/span><\/div><article class=\"article-icon-entry \"  itemscope=\"itemscope\" itemtype=\"https:\/\/schema.org\/CreativeWork\" ><div class=\"iconlist_content_wrap\"><header class=\"entry-content-header\" aria-label=\"Icon: Co\u00fbts\"><div class='av_iconlist_title iconlist_title_small  '  itemprop=\"headline\" >Co\u00fbts<\/div><\/header><div class='iconlist_content '  itemprop=\"text\" ><p>CHF 210.- \/ \u00e9quipe par bloc*<\/p>\n<\/div><\/div><footer class=\"entry-footer\"><\/footer><\/article><div class=\"iconlist-timeline\"><\/div><\/li>\n<li><div class='iconlist_icon av-3hr2ie-d0f255f74461e67f7a62e24ec1587d6b avia-font-entypo-fontello'><span class='iconlist-char' aria-hidden='true' data-av_icon='\ue810' data-av_iconfont='entypo-fontello'><\/span><\/div><article class=\"article-icon-entry \"  itemscope=\"itemscope\" itemtype=\"https:\/\/schema.org\/CreativeWork\" ><div class=\"iconlist_content_wrap\"><header class=\"entry-content-header\" aria-label=\"Icon: Dur\u00e9e\"><div class='av_iconlist_title iconlist_title_small  '  itemprop=\"headline\" >Dur\u00e9e<\/div><\/header><div class='iconlist_content '  itemprop=\"text\" ><p>Bloc de cours \u00e0 6 unit\u00e9s<\/p>\n<\/div><\/div><footer class=\"entry-footer\"><\/footer><\/article><div class=\"iconlist-timeline\"><\/div><\/li>\n<\/ul><\/div><\/div><\/div><\/div><\/div><!-- close content main div --><\/div><\/div><div id='av_section_1'  class='avia-section av-3f9a9a-83a658af371e3d37d77bbdd906bb8a8d alternate_color avia-section-default avia-no-border-styling  avia-builder-el-6  el_after_av_one_fourth  el_before_av_section  avia-bg-style-scroll container_wrap sidebar_right'  ><div class='container av-section-cont-open' ><div class='template-page content  av-content-small alpha units'><div class='post-entry post-entry-type-page post-entry-14606'><div class='entry-content-wrapper clearfix'>\n<div class='flex_column_table av-36detq-235c4cc672f2215cda556b5162fca59d sc-av_one_half av-equal-height-column-flextable'><div  class='flex_column av-36detq-235c4cc672f2215cda556b5162fca59d av_one_half  avia-builder-el-7  el_before_av_one_half  avia-builder-el-first  first flex_column_table_cell av-equal-height-column av-align-top  '     ><p>\n<style type=\"text\/css\" data-created_by=\"avia_inline_auto\" id=\"style-css-av-32jw7i-443aa59187b97d66d2b14a5bfead73c5\">\n.avia-image-container.av-32jw7i-443aa59187b97d66d2b14a5bfead73c5 img.avia_image{\nbox-shadow:none;\n}\n.avia-image-container.av-32jw7i-443aa59187b97d66d2b14a5bfead73c5 .av-image-caption-overlay-center{\ncolor:#ffffff;\n}\n<\/style>\n<div  class='avia-image-container av-32jw7i-443aa59187b97d66d2b14a5bfead73c5 av-styling- avia-align-center  avia-builder-el-8  el_before_av_heading  avia-builder-el-first '   itemprop=\"image\" itemscope=\"itemscope\" itemtype=\"https:\/\/schema.org\/ImageObject\" ><div class=\"avia-image-container-inner\"><div class=\"avia-image-overlay-wrap\"><img decoding=\"async\" fetchpriority=\"high\" class='wp-image-3434 avia-img-lazy-loading-not-3434 avia_image ' src=\"https:\/\/swisscanincenter.ch\/wp-content\/uploads\/kurs_puppy-495x400.jpg\" alt='' title='kurs_puppy'  height=\"400\" width=\"495\"  itemprop=\"thumbnailUrl\" srcset=\"https:\/\/swisscanincenter.ch\/wp-content\/uploads\/kurs_puppy-495x400.jpg 495w, https:\/\/swisscanincenter.ch\/wp-content\/uploads\/kurs_puppy-845x684.jpg 845w\" sizes=\"(max-width: 495px) 100vw, 495px\" \/><\/div><\/div><\/div><br \/>\n\n<style type=\"text\/css\" data-created_by=\"avia_inline_auto\" id=\"style-css-av-2z5dpq-986469c4cdfa2390960424e6559091b0\">\n#top .av-special-heading.av-2z5dpq-986469c4cdfa2390960424e6559091b0{\npadding-bottom:10px;\n}\nbody .av-special-heading.av-2z5dpq-986469c4cdfa2390960424e6559091b0 .av-special-heading-tag .heading-char{\nfont-size:25px;\n}\n.av-special-heading.av-2z5dpq-986469c4cdfa2390960424e6559091b0 .av-subheading{\nfont-size:15px;\n}\n<\/style>\n<div  class='av-special-heading av-2z5dpq-986469c4cdfa2390960424e6559091b0 av-special-heading-h2 blockquote modern-quote modern-centered  avia-builder-el-9  el_after_av_image  el_before_av_textblock  av-thin-font'><h2 class='av-special-heading-tag '  itemprop=\"headline\"  >Puppy Basics<strong>.<\/strong><\/h2><div class=\"special-heading-border\"><div class=\"special-heading-inner-border\"><\/div><\/div><\/div><br \/>\n<section  class='av_textblock_section av-2ppzcm-e5c5c1361ecd0c3502c286b087b70224 '   itemscope=\"itemscope\" itemtype=\"https:\/\/schema.org\/CreativeWork\" ><div class='avia_textblock'  itemprop=\"text\" ><p>On s&#8217;entra\u00eene t\u00f4t ! \u00c9tablissons d\u00e8s le plus jeune \u00e2ge une bonne et honn\u00eate relation entre toi et ton chiot. C&#8217;est sur cette base que l&#8217;on construit ensuite toute sa vie.<\/p>\n<p>Nous apprenons de mani\u00e8re ludique \u00e0 g\u00e9rer les impressions les plus diverses dans le cadre d&#8217;exercices tr\u00e8s vari\u00e9s. Des jeux de r\u00e9flexion o\u00f9 le chien apprend \u00e0 atteindre le but \u00e0 sa mani\u00e8re font \u00e9galement partie du cours, tout comme le jeu correct pour pouvoir construire une relation harmonieuse.<\/p>\n<h4>Contenu du cours<strong>.<\/strong><\/h4>\n<ul>\n<li>Construire une relation entre vous et votre chiot<\/li>\n<li>Jouer &amp; apprendre l&#8217;attention<\/li>\n<li>Explorer un nouveau territoire<\/li>\n<li>Exercices de base &amp; commandements<\/li>\n<\/ul>\n<p>Conditions : 12 \u00e0 24 semaines<\/p>\n<\/div><\/section><\/p><\/div><div class='av-flex-placeholder'><\/div><div  class='flex_column av-2mzk52-104b04f5b48701e22049421e5fb2106e av_one_half  avia-builder-el-11  el_after_av_one_half  el_before_av_one_half  flex_column_table_cell av-equal-height-column av-align-top  '     ><p>\n<style type=\"text\/css\" data-created_by=\"avia_inline_auto\" id=\"style-css-av-lct1pin4-8ba34ce0bdfa52361e5d007890c84558\">\n.avia-image-container.av-lct1pin4-8ba34ce0bdfa52361e5d007890c84558 img.avia_image{\nbox-shadow:none;\n}\n.avia-image-container.av-lct1pin4-8ba34ce0bdfa52361e5d007890c84558 .av-image-caption-overlay-center{\ncolor:#ffffff;\n}\n<\/style>\n<div  class='avia-image-container av-lct1pin4-8ba34ce0bdfa52361e5d007890c84558 av-styling- avia-align-center  avia-builder-el-12  el_before_av_heading  avia-builder-el-first '   itemprop=\"image\" itemscope=\"itemscope\" itemtype=\"https:\/\/schema.org\/ImageObject\" ><div class=\"avia-image-container-inner\"><div class=\"avia-image-overlay-wrap\"><img decoding=\"async\" fetchpriority=\"high\" class='wp-image-14765 avia-img-lazy-loading-not-14765 avia_image ' src=\"https:\/\/swisscanincenter.ch\/wp-content\/uploads\/Sign_am_Start-495x400.jpg\" alt='' title='Sign_am_Start'  height=\"400\" width=\"495\"  itemprop=\"thumbnailUrl\" srcset=\"https:\/\/swisscanincenter.ch\/wp-content\/uploads\/Sign_am_Start-495x400.jpg 495w, https:\/\/swisscanincenter.ch\/wp-content\/uploads\/Sign_am_Start-845x684.jpg 845w\" sizes=\"(max-width: 495px) 100vw, 495px\" \/><\/div><\/div><\/div><br \/>\n\n<style type=\"text\/css\" data-created_by=\"avia_inline_auto\" id=\"style-css-av-2cp7ku-3a9e9a09bd83b31d6b85dda92c1b2a82\">\n#top .av-special-heading.av-2cp7ku-3a9e9a09bd83b31d6b85dda92c1b2a82{\npadding-bottom:10px;\n}\nbody .av-special-heading.av-2cp7ku-3a9e9a09bd83b31d6b85dda92c1b2a82 .av-special-heading-tag .heading-char{\nfont-size:25px;\n}\n.av-special-heading.av-2cp7ku-3a9e9a09bd83b31d6b85dda92c1b2a82 .av-subheading{\nfont-size:15px;\n}\n<\/style>\n<div  class='av-special-heading av-2cp7ku-3a9e9a09bd83b31d6b85dda92c1b2a82 av-special-heading-h2 blockquote modern-quote modern-centered  avia-builder-el-13  el_after_av_image  el_before_av_textblock  av-thin-font'><h2 class='av-special-heading-tag '  itemprop=\"headline\"  >Fondations<strong>.<\/strong><\/h2><div class=\"special-heading-border\"><div class=\"special-heading-inner-border\"><\/div><\/div><\/div><br \/>\n<section  class='av_textblock_section av-2b7ipi-dc0b19240b598c8df0c92e7508ccae0d '   itemscope=\"itemscope\" itemtype=\"https:\/\/schema.org\/CreativeWork\" ><div class='avia_textblock'  itemprop=\"text\" ><p>Approfondis ce que tu as appris dans le Puppy Basic et constitue une base solide pour d\u00e9buter en Agility ou dans un autre sport.<\/p>\n<h4>Contenu du cours<strong>.<\/strong><\/h4>\n<ul>\n<li>Travail sous distraction<\/li>\n<li>Promotion des capacit\u00e9s de coordination<\/li>\n<li>D\u00e9veloppement de diff\u00e9rentes parties musculaires<\/li>\n<li>Jeu et divertissement<\/li>\n<li>Exercices de base pour Agility (ou d&#8217;autres sports)<\/li>\n<\/ul>\n<p>Conditions pr\u00e9alables : 6 \u00e0 12 mois ou pour d\u00e9buter en Agility<\/p>\n<\/div><\/section><\/p><\/div><\/div><!--close column table wrapper. Autoclose: 1 --><div class='flex_column_table av-24mcwe-74df2f58c607f213fe314434ccd2c39e sc-av_one_half av-equal-height-column-flextable'><div  class='flex_column av-24mcwe-74df2f58c607f213fe314434ccd2c39e av_one_half  avia-builder-el-15  el_after_av_one_half  el_before_av_one_half  first flex_column_table_cell av-equal-height-column av-align-top  column-top-margin'     ><p>\n<style type=\"text\/css\" data-created_by=\"avia_inline_auto\" id=\"style-css-av-lct1n1my-bb5e7acfb59adbe41b8ddb10f6980fd9\">\n.avia-image-container.av-lct1n1my-bb5e7acfb59adbe41b8ddb10f6980fd9 img.avia_image{\nbox-shadow:none;\n}\n.avia-image-container.av-lct1n1my-bb5e7acfb59adbe41b8ddb10f6980fd9 .av-image-caption-overlay-center{\ncolor:#ffffff;\n}\n<\/style>\n<div  class='avia-image-container av-lct1n1my-bb5e7acfb59adbe41b8ddb10f6980fd9 av-styling- avia-align-center  avia-builder-el-16  el_before_av_heading  avia-builder-el-first '   itemprop=\"image\" itemscope=\"itemscope\" itemtype=\"https:\/\/schema.org\/ImageObject\" ><div class=\"avia-image-container-inner\"><div class=\"avia-image-overlay-wrap\"><img decoding=\"async\" fetchpriority=\"high\" class='wp-image-14769 avia-img-lazy-loading-not-14769 avia_image ' src=\"https:\/\/swisscanincenter.ch\/wp-content\/uploads\/Sign_Wippe-495x400.jpg\" alt='' title='Sign_Wippe'  height=\"400\" width=\"495\"  itemprop=\"thumbnailUrl\" srcset=\"https:\/\/swisscanincenter.ch\/wp-content\/uploads\/Sign_Wippe-495x400.jpg 495w, https:\/\/swisscanincenter.ch\/wp-content\/uploads\/Sign_Wippe-845x684.jpg 845w\" sizes=\"(max-width: 495px) 100vw, 495px\" \/><\/div><\/div><\/div><br \/>\n\n<style type=\"text\/css\" data-created_by=\"avia_inline_auto\" id=\"style-css-av-1vuhra-2fa6ce3e362f7f496f551e488653eac4\">\n#top .av-special-heading.av-1vuhra-2fa6ce3e362f7f496f551e488653eac4{\npadding-bottom:10px;\n}\nbody .av-special-heading.av-1vuhra-2fa6ce3e362f7f496f551e488653eac4 .av-special-heading-tag .heading-char{\nfont-size:25px;\n}\n.av-special-heading.av-1vuhra-2fa6ce3e362f7f496f551e488653eac4 .av-subheading{\nfont-size:15px;\n}\n<\/style>\n<div  class='av-special-heading av-1vuhra-2fa6ce3e362f7f496f551e488653eac4 av-special-heading-h2 blockquote modern-quote modern-centered  avia-builder-el-17  el_after_av_image  el_before_av_textblock  av-thin-font'><h2 class='av-special-heading-tag '  itemprop=\"headline\"  >Construction de Agility<strong>.<\/strong><\/h2><div class=\"special-heading-border\"><div class=\"special-heading-inner-border\"><\/div><\/div><\/div><br \/>\n<section  class='av_textblock_section av-63h7i-f98289ee7306340fc0a7deda92e6b86c '   itemscope=\"itemscope\" itemtype=\"https:\/\/schema.org\/CreativeWork\" ><div class='avia_textblock'  itemprop=\"text\" ><p>Re\u00e7ois une formation d Agility propre, bas\u00e9e sur nos cours Puppy Basic et Foundation. Tous les appareils sont appris progressivement et parfois pratiqu\u00e9s par petites s\u00e9quences.<\/p>\n<p>Que tu aies d\u00e9j\u00e0 pratiqu\u00e9 Agility ou que ce sport agile soit un terrain inconnu pour toi. De toute fa\u00e7on, Agility s&#8217;apprend. Il n&#8217;est pas seulement important d&#8217;apprendre les diff\u00e9rents appareils, mais aussi de savoir lire le chien &#8211; son partenaire d&#8217;\u00e9quipe &#8211; pour devenir une bonne \u00e9quipe.<\/p>\n<p>Avec des exercices simples et un entra\u00eenement positif, nous t\u00e2tons peu \u00e0 peu la complexit\u00e9 de ce sport. De cette mani\u00e8re, le plaisir n&#8217;est jamais n\u00e9glig\u00e9.<\/p>\n<h4>Contenu du cours<strong>.<\/strong><\/h4>\n<ul>\n<li>Apprentissage des diff\u00e9rents appareils<\/li>\n<li>Conna\u00eetre les techniques de guidage et les changements de base<\/li>\n<li>D\u00e9velopper un sentiment pour son co\u00e9quipier &#8211; ton chien<\/li>\n<\/ul>\n<p>Conditions pr\u00e9alables : \u00c0 partir de 11 mois. Ob\u00e9issance de base absolument bonne et fiable.<\/p>\n<\/div><\/section><\/p><\/div><div class='av-flex-placeholder'><\/div><div  class='flex_column av-1jokbq-3fd2e9232c8504810006689585390959 av_one_half  avia-builder-el-19  el_after_av_one_half  avia-builder-el-last  flex_column_table_cell av-equal-height-column av-align-top  column-top-margin'     ><p>\n<style type=\"text\/css\" data-created_by=\"avia_inline_auto\" id=\"style-css-av-1g7r9q-271a872a5b923c3769fc08ce925f2ed4\">\n.avia-image-container.av-1g7r9q-271a872a5b923c3769fc08ce925f2ed4 img.avia_image{\nbox-shadow:none;\n}\n.avia-image-container.av-1g7r9q-271a872a5b923c3769fc08ce925f2ed4 .av-image-caption-overlay-center{\ncolor:#ffffff;\n}\n<\/style>\n<div  class='avia-image-container av-1g7r9q-271a872a5b923c3769fc08ce925f2ed4 av-styling- avia-align-center  avia-builder-el-20  el_before_av_heading  avia-builder-el-first '   itemprop=\"image\" itemscope=\"itemscope\" itemtype=\"https:\/\/schema.org\/ImageObject\" ><div class=\"avia-image-container-inner\"><div class=\"avia-image-overlay-wrap\"><img decoding=\"async\" fetchpriority=\"high\" class='wp-image-1148 avia-img-lazy-loading-not-1148 avia_image ' src=\"https:\/\/swisscanincenter.ch\/wp-content\/uploads\/2018\/09\/Winner_84D6361-495x400.jpg\" alt='' title='Winner_84D6361'  height=\"400\" width=\"495\"  itemprop=\"thumbnailUrl\" srcset=\"https:\/\/swisscanincenter.ch\/wp-content\/uploads\/2018\/09\/Winner_84D6361-495x400.jpg 495w, https:\/\/swisscanincenter.ch\/wp-content\/uploads\/2018\/09\/Winner_84D6361-845x684.jpg 845w\" sizes=\"(max-width: 495px) 100vw, 495px\" \/><\/div><\/div><\/div><br \/>\n\n<style type=\"text\/css\" data-created_by=\"avia_inline_auto\" id=\"style-css-av-16qwfq-c22012a1bbb2c4813c65172da8d3245f\">\n#top .av-special-heading.av-16qwfq-c22012a1bbb2c4813c65172da8d3245f{\npadding-bottom:10px;\n}\nbody .av-special-heading.av-16qwfq-c22012a1bbb2c4813c65172da8d3245f .av-special-heading-tag .heading-char{\nfont-size:25px;\n}\n.av-special-heading.av-16qwfq-c22012a1bbb2c4813c65172da8d3245f .av-subheading{\nfont-size:15px;\n}\n<\/style>\n<div  class='av-special-heading av-16qwfq-c22012a1bbb2c4813c65172da8d3245f av-special-heading-h2 blockquote modern-quote modern-centered  avia-builder-el-21  el_after_av_image  el_before_av_textblock  av-thin-font'><h2 class='av-special-heading-tag '  itemprop=\"headline\"  >Entra\u00eenement Agility<strong>.<\/strong><\/h2><div class=\"special-heading-border\"><div class=\"special-heading-inner-border\"><\/div><\/div><\/div><br \/>\n<section  class='av_textblock_section av-11pvgm-ad366a31cc72280974819b8970f6e1f5 '   itemscope=\"itemscope\" itemtype=\"https:\/\/schema.org\/CreativeWork\" ><div class='avia_textblock'  itemprop=\"text\" ><p>Pour les passionn\u00e9s de comp\u00e9tition et ceux qui veulent le devenir. Lors de l&#8217;entra\u00eenement hebdomadaire d&#8217;Agility, nous nous lan\u00e7ons sans cesse de nouveaux d\u00e9fis et optimisons constamment notre maniement.<\/p>\n<p>L&#8217;entra\u00eenement hebdomadaire est une mani\u00e8re efficace de pratiquer Agility. Du d\u00e9butant \u00e0 l&#8217;\u00e9quipe de comp\u00e9tition, de la classe 1 \u00e0 la classe 3, du Small au Large, nous te proposons des entra\u00eenements hebdomadaires comp\u00e9tents.<\/p>\n<p>Tu t&#8217;entra\u00eenes en groupe pendant une unit\u00e9 (la dur\u00e9e de l&#8217;entra\u00eenement d\u00e9pend de la taille du groupe). Si possible, les groupes seront cr\u00e9\u00e9s en fonction de ton niveau et de ta cat\u00e9gorie. Cela permettra d&#8217;encourager encore mieux les diff\u00e9rentes \u00e9quipes.<\/p>\n<p>Conditions pr\u00e9alables : Tous les appareils ont fait l&#8217;objet d&#8217;un apprentissage complet. Il est possible de commencer \u00e0 tout moment.<\/p>\n<\/div><\/section><\/p><\/div><\/div><!--close column table wrapper. Autoclose: 1 -->\n<\/p>\n<\/div><\/div><\/div><!-- close content main div --><\/div><\/div><div id='av_section_2'  class='avia-section av-wnn9y-a4fbd4e4f16fc0ea3165691c2ba14020 main_color avia-section-default avia-no-border-styling  avia-builder-el-23  el_after_av_section  el_before_av_postcontent  avia-bg-style-scroll container_wrap sidebar_right'  ><div class='container av-section-cont-open' ><div class='template-page content  av-content-small alpha units'><div class='post-entry post-entry-type-page post-entry-14606'><div class='entry-content-wrapper clearfix'>\n<div  class='flex_column av-q4s12-9453bf16d61833a42a8ebdf8f65ad526 av_one_full  avia-builder-el-24  avia-builder-el-no-sibling  first flex_column_div  '     ><p>\n<style type=\"text\/css\" data-created_by=\"avia_inline_auto\" id=\"style-css-av-napna-6f2aee976e425bf8888dbce7032b7c7c\">\n#top .av-special-heading.av-napna-6f2aee976e425bf8888dbce7032b7c7c{\npadding-bottom:10px;\n}\nbody .av-special-heading.av-napna-6f2aee976e425bf8888dbce7032b7c7c .av-special-heading-tag .heading-char{\nfont-size:25px;\n}\n.av-special-heading.av-napna-6f2aee976e425bf8888dbce7032b7c7c .av-subheading{\nfont-size:15px;\n}\n<\/style>\n<div  class='av-special-heading av-napna-6f2aee976e425bf8888dbce7032b7c7c av-special-heading-h2 blockquote modern-quote modern-centered  avia-builder-el-25  el_before_av_codeblock  avia-builder-el-first  av-thin-font'><h2 class='av-special-heading-tag '  itemprop=\"headline\"  >Demande de place pour un cours<strong>.<\/strong><\/h2><div class=\"special-heading-border\"><div class=\"special-heading-inner-border\"><\/div><\/div><\/div><br \/>\n<\/p><\/div>\n\n[av_textblock textblock_styling_align='' textblock_styling='' textblock_styling_gap='' textblock_styling_mobile='' size='14' av-desktop-font-size='' av-medium-font-size='' av-small-font-size='' av-mini-font-size='' font_color='' color='' id='' custom_class='' template_class='' av_uid='av-jrp0oeqx' sc_version='1.0' admin_preview_bg='']\n*Es gelten unsere <a href=\"https:\/\/swisscanincenter.ch\/wp-content\/uploads\/2019\/10\/SCC_AGB_DE_v2.pdf\" target=\"_blank\" rel=\"noopener\">AGB<\/a>s. Diese k\u00f6nnen <a href=\"https:\/\/swisscanincenter.ch\/wp-content\/uploads\/2019\/10\/SCC_AGB_DE_v2.pdf\" target=\"_blank\" rel=\"noopener\">HIER<\/a> eingesehen werden.\n[\/av_textblock]\n","protected":false},"excerpt":{"rendered":"","protected":false},"author":1,"featured_media":0,"parent":0,"menu_order":31,"comment_status":"closed","ping_status":"closed","template":"","meta":{"footnotes":""},"class_list":["post-14606","page","type-page","status-publish","hentry"],"_links":{"self":[{"href":"https:\/\/swisscanincenter.ch\/index.php?rest_route=\/wp\/v2\/pages\/14606","targetHints":{"allow":["GET"]}}],"collection":[{"href":"https:\/\/swisscanincenter.ch\/index.php?rest_route=\/wp\/v2\/pages"}],"about":[{"href":"https:\/\/swisscanincenter.ch\/index.php?rest_route=\/wp\/v2\/types\/page"}],"author":[{"embeddable":true,"href":"https:\/\/swisscanincenter.ch\/index.php?rest_route=\/wp\/v2\/users\/1"}],"replies":[{"embeddable":true,"href":"https:\/\/swisscanincenter.ch\/index.php?rest_route=%2Fwp%2Fv2%2Fcomments&post=14606"}],"version-history":[{"count":12,"href":"https:\/\/swisscanincenter.ch\/index.php?rest_route=\/wp\/v2\/pages\/14606\/revisions"}],"predecessor-version":[{"id":17704,"href":"https:\/\/swisscanincenter.ch\/index.php?rest_route=\/wp\/v2\/pages\/14606\/revisions\/17704"}],"wp:attachment":[{"href":"https:\/\/swisscanincenter.ch\/index.php?rest_route=%2Fwp%2Fv2%2Fmedia&parent=14606"}],"curies":[{"name":"wp","href":"https:\/\/api.w.org\/{rel}","templated":true}]}}