{"id":13382,"date":"2018-08-27T10:45:46","date_gmt":"2018-08-27T09:45:46","guid":{"rendered":"https:\/\/swisscanincenter.ch\/?page_id=13382"},"modified":"2022-10-22T00:36:13","modified_gmt":"2022-10-21T23:36:13","slug":"declaration-de-confidentialite","status":"publish","type":"page","link":"https:\/\/swisscanincenter.ch\/?page_id=13382&lang=fr","title":{"rendered":"D\u00e9claration de confidentialit\u00e9"},"content":{"rendered":"<section  class='av_textblock_section av-l2czb7x5-fdb2eba2f832677c1e05b45b44aaf6d1 '   itemscope=\"itemscope\" itemtype=\"https:\/\/schema.org\/CreativeWork\" ><div class='avia_textblock'  itemprop=\"text\" ><h2 class=\"wp-block-heading\">Qui sommes-nous ?<\/h2>\n<p>SWISS CANIN CENTER by SBAgility GmbH est une \u00e9cole de chiens qui propose des entra\u00eenements sous diff\u00e9rentes formes pour tous les propri\u00e9taires de chiens et des \u00e9v\u00e9nements dans le domaine canin.<\/p>\n<h2 class=\"wp-block-heading\">Quelles donn\u00e9es personnelles nous collectons et pourquoi nous les collectons<\/h2>\n<h3 class=\"wp-block-heading\">Commentaires<\/h3>\n<p>Lorsque les visiteurs \u00e9crivent des commentaires sur le site, nous collectons les donn\u00e9es affich\u00e9es dans le formulaire de commentaire, ainsi que l&#8217;adresse IP du visiteur et la cha\u00eene de l&#8217;agent utilisateur (qui permet d&#8217;identifier le navigateur) afin d&#8217;aider \u00e0 la d\u00e9tection des spams.<\/p>\n<p>Une cha\u00eene de caract\u00e8res anonymis\u00e9e (\u00e9galement appel\u00e9e hash) peut \u00eatre cr\u00e9\u00e9e \u00e0 partir de ton adresse e-mail et transmise au service Gravatar afin de v\u00e9rifier si tu l&#8217;utilises. Tu trouveras la d\u00e9claration de confidentialit\u00e9 du service Gravatar ici : https:\/\/automattic.com\/privacy\/. Une fois ton commentaire valid\u00e9, ta photo de profil est visible publiquement dans le contexte de ton commentaire.<\/p>\n<h3 class=\"wp-block-heading\">M\u00e9dias<\/h3>\n<p>Si tu es un utilisateur enregistr\u00e9 et que tu t\u00e9l\u00e9charges des photos sur ce site, tu dois \u00e9viter de t\u00e9l\u00e9charger des photos avec une localisation EXIF-GPS. Les visiteurs de ce site pourraient t\u00e9l\u00e9charger des photos stock\u00e9es sur ce site et en extraire des informations sur leur localisation.<\/p>\n<h3 class=\"wp-block-heading\">Formulaires de contact<\/h3>\n<p>Les donn\u00e9es qui nous sont transmises via le formulaire de contact sont utilis\u00e9es pour fixer des rendez-vous ou pour planifier et organiser nos s\u00e9ances d&#8217;entra\u00eenement. Ces donn\u00e9es seront supprim\u00e9es \u00e0 la fin de l&#8217;activit\u00e9 convenue.<\/p>\n<h3 class=\"wp-block-heading\">Cookies<\/h3>\n<p>Si tu \u00e9cris un commentaire sur notre site web, cela peut constituer un consentement pour que ton nom, ton adresse e-mail et ton site web soient enregistr\u00e9s dans des cookies. Il s&#8217;agit d&#8217;une fonction de confort qui t&#8217;\u00e9vite de devoir saisir \u00e0 nouveau toutes ces donn\u00e9es lorsque tu \u00e9cris un autre commentaire. Ces cookies sont conserv\u00e9s pendant un an.<\/p>\n<p>Si tu as un compte et que tu te connectes sur ce site, nous placerons un cookie temporaire afin de d\u00e9terminer si ton navigateur accepte les cookies. Ce cookie ne contient aucune donn\u00e9e personnelle et est supprim\u00e9 lorsque tu fermes ton navigateur.<\/p>\n<p>Lorsque tu t&#8217;inscris, nous installons certains cookies pour m\u00e9moriser tes informations de connexion et tes options d&#8217;affichage. Les cookies de connexion expirent apr\u00e8s deux jours et les cookies des options d&#8217;affichage apr\u00e8s un an. Si tu s\u00e9lectionnes &#8222;Rester connect\u00e9&#8220; lors de ton inscription, ton inscription sera maintenue pendant deux semaines. Lorsque tu te d\u00e9connectes de ton compte, les cookies de connexion sont supprim\u00e9s.<\/p>\n<p>Lorsque tu \u00e9dites ou publies un article, un cookie suppl\u00e9mentaire est enregistr\u00e9 dans ton navigateur. Ce cookie ne contient pas de donn\u00e9es personnelles et ne fait r\u00e9f\u00e9rence qu&#8217;\u00e0 l&#8217;identifiant de l&#8217;article que tu viens de modifier. Le cookie expire au bout d&#8217;un jour.<\/p>\n<h3 class=\"wp-block-heading\">Contenu int\u00e9gr\u00e9 d&#8217;autres sites web<\/h3>\n<p>Les contributions sur ce site web peuvent contenir des contenus int\u00e9gr\u00e9s (par exemple des vid\u00e9os, des images, des articles, etc.). Les contenus int\u00e9gr\u00e9s d&#8217;autres sites web se comportent exactement comme si le visiteur avait visit\u00e9 l&#8217;autre site web.<\/p>\n<p>Ces sites peuvent collecter des donn\u00e9es te concernant, utiliser des cookies, int\u00e9grer des services de suivi suppl\u00e9mentaires de tiers et enregistrer ton interaction avec ce contenu int\u00e9gr\u00e9, y compris ton interaction avec le contenu int\u00e9gr\u00e9 si tu as un compte et si tu es connect\u00e9 \u00e0 ce site.<\/p>\n<h2 class=\"wp-block-heading\">Combien de temps nous conservons tes donn\u00e9es<\/h2>\n<p>Lorsque tu \u00e9cris un commentaire, celui-ci est enregistr\u00e9, y compris les m\u00e9tadonn\u00e9es, pour une dur\u00e9e illimit\u00e9e. De cette mani\u00e8re, nous pouvons d\u00e9tecter et valider automatiquement les commentaires de suivi au lieu de les garder dans une file d&#8217;attente de mod\u00e9ration.<\/p>\n<p>Pour les utilisateurs qui s&#8217;inscrivent sur notre site, nous enregistrons en outre les informations personnelles qu&#8217;ils fournissent dans leur profil d&#8217;utilisateur. Tous les utilisateurs peuvent \u00e0 tout moment consulter, modifier ou supprimer leurs informations personnelles (le nom d&#8217;utilisateur ne peut pas \u00eatre modifi\u00e9). Les administrateurs du site peuvent \u00e9galement consulter et modifier ces informations.<\/p>\n<h2 class=\"wp-block-heading\">Quels sont tes droits sur tes donn\u00e9es ?<\/h2>\n<p>Si tu as un compte sur ce site ou si tu as \u00e9crit des commentaires, tu peux nous demander d&#8217;exporter tes donn\u00e9es personnelles, y compris toutes les donn\u00e9es que tu nous as fournies. En outre, tu peux demander la suppression de toutes les donn\u00e9es personnelles que nous d\u00e9tenons \u00e0 ton sujet. Cela ne comprend pas les donn\u00e9es que nous devons conserver en raison de n\u00e9cessit\u00e9s administratives, juridiques ou de s\u00e9curit\u00e9.<\/p>\n<h2 class=\"wp-block-heading\">O\u00f9 nous envoyons tes donn\u00e9es<\/h2>\n<p>Les commentaires des visiteurs pourraient \u00eatre examin\u00e9s par un service automatis\u00e9 de d\u00e9tection des spams.<\/p>\n<h3 class=\"wp-block-heading\"><\/h3>\n<\/div><\/section>\n\n","protected":false},"excerpt":{"rendered":"","protected":false},"author":1,"featured_media":0,"parent":0,"menu_order":990,"comment_status":"closed","ping_status":"closed","template":"","meta":{"footnotes":""},"class_list":["post-13382","page","type-page","status-publish","hentry"],"_links":{"self":[{"href":"https:\/\/swisscanincenter.ch\/index.php?rest_route=\/wp\/v2\/pages\/13382","targetHints":{"allow":["GET"]}}],"collection":[{"href":"https:\/\/swisscanincenter.ch\/index.php?rest_route=\/wp\/v2\/pages"}],"about":[{"href":"https:\/\/swisscanincenter.ch\/index.php?rest_route=\/wp\/v2\/types\/page"}],"author":[{"embeddable":true,"href":"https:\/\/swisscanincenter.ch\/index.php?rest_route=\/wp\/v2\/users\/1"}],"replies":[{"embeddable":true,"href":"https:\/\/swisscanincenter.ch\/index.php?rest_route=%2Fwp%2Fv2%2Fcomments&post=13382"}],"version-history":[{"count":2,"href":"https:\/\/swisscanincenter.ch\/index.php?rest_route=\/wp\/v2\/pages\/13382\/revisions"}],"predecessor-version":[{"id":13384,"href":"https:\/\/swisscanincenter.ch\/index.php?rest_route=\/wp\/v2\/pages\/13382\/revisions\/13384"}],"wp:attachment":[{"href":"https:\/\/swisscanincenter.ch\/index.php?rest_route=%2Fwp%2Fv2%2Fmedia&parent=13382"}],"curies":[{"name":"wp","href":"https:\/\/api.w.org\/{rel}","templated":true}]}}